{"id":974,"date":"2021-05-17T05:50:25","date_gmt":"2021-05-17T03:50:25","guid":{"rendered":"http:\/\/it3.home.pl\/gmina_chasno\/?page_id=974"},"modified":"2021-05-30T01:34:22","modified_gmt":"2021-05-29T23:34:22","slug":"swiadczenie-pielegnacyjne","status":"publish","type":"page","link":"https:\/\/gminachasno.pl\/index.php\/swiadczenie-pielegnacyjne\/","title":{"rendered":"\u015awiadczenie piel\u0119gnacyjne"},"content":{"rendered":"\n<p class=\"has-text-align-justify\">\u015awiadczenie piel\u0119gnacyjne z tytu\u0142u rezygnacji z zatrudnienia lub innej pracy zarobkowej, przys\u0142uguje:<br>1)&nbsp;<strong>matce albo ojcu<\/strong>,<br>2) opiekunowi faktycznemu dziecka,<br>3) osobie b\u0119d\u0105cej rodzin\u0105 zast\u0119pcz\u0105 spokrewnion\u0105, w rozumieniu ustawy z dnia 9 czerwca 2011 r. o wspieraniu rodziny i systemie pieczy zast\u0119pczej,<br>4) innym osobom, na kt\u00f3rych zgodnie z przepisami ustawy z dnia 25 lutego 1964 r. \u2013 Kodeks rodzinny i opieku\u0144czy ci\u0105\u017cy obowi\u0105zek alimentacyjny, z wyj\u0105tkiem os\u00f3b o znacznym stopniu niepe\u0142nosprawno\u015bci<br>\u2013&nbsp;<strong>je\u017celi nie podejmuj\u0105 lub rezygnuj\u0105 z zatrudnienia lub innej pracy zarobkowej w celu sprawowania opieki nad osob\u0105 legitymuj\u0105c\u0105 si\u0119 orzeczeniem o niepe\u0142nosprawno\u015bci \u0142\u0105cznie ze wskazaniami: konieczno\u015bci sta\u0142ej lub d\u0142ugotrwa\u0142ej opieki lub pomocy innej osoby w zwi\u0105zku ze&nbsp; znacznie ograniczon\u0105 mo\u017cliwo\u015bci\u0105 samodzielnej egzystencji oraz konieczno\u015bci sta\u0142ego wsp\u00f3\u0142udzia\u0142u na co dzie\u0144 opiekuna dziecka w procesie jego leczenia, rehabilitacji i edukacji, albo osob\u0105 legitymuj\u0105c\u0105 si\u0119 orzeczeniem o znacznym stopniu niepe\u0142nosprawno\u015bci.<\/strong><\/p>\n\n\n\n<p>Osobom, o kt\u00f3rych mowa w pkt 4, innym ni\u017c spokrewnione w pierwszym stopniu z osob\u0105 wymagaj\u0105c\u0105 opieki, \u015bwiadczenie piel\u0119gnacyjne przys\u0142uguje, w przypadku gdy spe\u0142nione s\u0105 \u0142\u0105cznie nast\u0119puj\u0105ce warunki:<br>1) rodzice osoby wymagaj\u0105cej opieki nie \u017cyj\u0105, zostali pozbawieni praw rodzicielskich, s\u0105 ma\u0142oletni lub legitymuj\u0105 si\u0119 orzeczeniem o znacznym&nbsp; stopniu niepe\u0142nosprawno\u015bci;<br>2) nie ma innych os\u00f3b spokrewnionych w pierwszym stopniu, s\u0105 ma\u0142oletnie lub legitymuj\u0105 si\u0119 orzeczeniem o znacznym stopniu niepe\u0142nosprawno\u015bci;<br>3) nie ma os\u00f3b, o kt\u00f3rych mowa w pkt 2 i 3, lub legitymuj\u0105 si\u0119 orzeczeniem o znacznym stopniu niepe\u0142nosprawno\u015bci.<br>&nbsp;<br><strong>\u015awiadczenie piel\u0119gnacyjne przys\u0142uguje, je\u017celi niepe\u0142nosprawno\u015b\u0107 osoby wymagaj\u0105cej opieki powsta\u0142a:<\/strong><br>1)&nbsp;&nbsp; nie p\u00f3\u017aniej ni\u017c do uko\u0144czenia 18. roku \u017cycia lub<br>2)&nbsp;&nbsp; w trakcie nauki w szkole lub w szkole wy\u017cszej, jednak nie p\u00f3\u017aniej ni\u017c do uko\u0144czenia 25. roku \u017cycia.<\/p>\n\n\n\n<p><br><strong>\u015awiadczenie piel\u0119gnacyjne&nbsp;<u>nie przys\u0142uguje<\/u>, je\u017celi:<\/strong><br>1)&nbsp;&nbsp; osoba sprawuj\u0105ca opiek\u0119:<br>a)&nbsp; ma ustalone prawo do emerytury, renty, renty rodzinnej z tytu\u0142u \u015bmierci ma\u0142\u017conka przyznanej w przypadku zbiegu prawa do renty rodzinnej i innego \u015bwiadczenia emerytalno-rentowego, renty socjalnej, zasi\u0142ku sta\u0142ego, nauczycielskiego \u015bwiadczenia kompensacyjnego, zasi\u0142ku przedemerytalnego lub \u015bwiadczenia przedemerytalnego,<br>b)&nbsp; ma ustalone prawo do specjalnego zasi\u0142ku opieku\u0144czego, \u015bwiadczenia piel\u0119gnacyjnego lub zasi\u0142ku dla opiekuna, o kt\u00f3rym mowa w ustawie z dnia 4 kwietnia 2014 r. o ustaleniu i wyp\u0142acie zasi\u0142k\u00f3w dla opiekun\u00f3w;<br>2)&nbsp;&nbsp; osoba wymagaj\u0105ca opieki:<br>a)&nbsp; pozostaje w zwi\u0105zku ma\u0142\u017ce\u0144skim, chyba \u017ce wsp\u00f3\u0142ma\u0142\u017conek legitymuje si\u0119 orzeczeniem o znacznym stopniu niepe\u0142nosprawno\u015bci,<br>b)&nbsp; zosta\u0142a umieszczona w rodzinie zast\u0119pczej, z wyj\u0105tkiem rodziny zast\u0119pczej spokrewnionej, rodzinnym domu dziecka albo, w zwi\u0105zku z konieczno\u015bci\u0105 kszta\u0142cenia, rewalidacji lub rehabilitacji, w plac\u00f3wce zapewniaj\u0105cej ca\u0142odobow\u0105 opiek\u0119, w tym w specjalnym o\u015brodku szkolno-wychowawczym, z wyj\u0105tkiem podmiotu wykonuj\u0105cego dzia\u0142alno\u015b\u0107 lecznicz\u0105, i korzysta w niej z ca\u0142odobowej opieki przez wi\u0119cej ni\u017c 5 dni w tygodniu;<br>3)&nbsp;&nbsp; na osob\u0119 wymagaj\u0105c\u0105 opieki inna osoba ma ustalone prawo do wcze\u015bniejszej emerytury;<br>4)&nbsp; cz\u0142onek rodziny osoby sprawuj\u0105cej opiek\u0119 ma ustalone prawo do dodatku do zasi\u0142ku rodzinnego, o kt\u00f3rym mowa w art. 10, specjalnego zasi\u0142ku opieku\u0144czego, \u015bwiadczenia piel\u0119gnacyjnego lub zasi\u0142ku dla opiekuna, o kt\u00f3rym mowa w ustawie z dnia 4 kwietnia 2014 r. o ustaleniu i wyp\u0142acie zasi\u0142k\u00f3w dla opiekun\u00f3w;<br>5)&nbsp;&nbsp; na osob\u0119 wymagaj\u0105c\u0105 opieki jest ustalone prawo do dodatku do zasi\u0142ku rodzinnego, o kt\u00f3rym mowa w art. 10, prawo do specjalnego zasi\u0142ku opieku\u0144czego, prawo do \u015bwiadczenia piel\u0119gnacyjnego lub prawo do zasi\u0142ku dla opiekuna, o kt\u00f3rym mowa w ustawie z dnia 4 kwietnia 2014 r. o ustaleniu i wyp\u0142acie zasi\u0142k\u00f3w dla opiekun\u00f3w;<br>6)&nbsp;&nbsp; na osob\u0119 wymagaj\u0105c\u0105 opieki inna osoba jest uprawniona za granic\u0105 do \u015bwiadczenia na pokrycie wydatk\u00f3w zwi\u0105zanych z opiek\u0105, chyba \u017ce przepisy o koordynacji system\u00f3w zabezpieczenia spo\u0142ecznego lub dwustronne umowy o zabezpieczeniu spo\u0142ecznym stanowi\u0105 inaczej.<br>\u015awiadczenie piel\u0119gnacyjne przys\u0142uguj\u0105ce za niepe\u0142ne miesi\u0105ce kalendarzowe wyp\u0142aca si\u0119 w wysoko\u015bci 1\/30 \u015bwiadczenia piel\u0119gnacyjnego za ka\u017cdy dzie\u0144. Nale\u017cn\u0105 kwot\u0119 \u015bwiadczenia zaokr\u0105gla si\u0119 do 10 groszy w g\u00f3r\u0119.<\/p>\n\n\n\n<p><br><strong>W przypadku, gdy o \u015bwiadczenie piel\u0119gnacyjne ubiegaj\u0105 si\u0119 rolnicy, ma\u0142\u017conkowie rolnik\u00f3w b\u0105d\u017a domownicy,<\/strong>&nbsp;\u015bwiadczenia te przys\u0142uguj\u0105 odpowiednio:<br>1)&nbsp;&nbsp; rolnikom w przypadku zaprzestania prowadzenia przez nich gospodarstwa rolnego;<br>2)&nbsp;&nbsp; ma\u0142\u017conkom rolnik\u00f3w lub domownikom w przypadku zaprzestania prowadzenia przez nich gospodarstwa rolnego albo wykonywania przez nich pracy w gospodarstwie rolnym.<br>&nbsp;<br>Zaprzestanie prowadzenia gospodarstwa rolnego lub zaprzestanie wykonywania pracy w gospodarstwie rolnym, o kt\u00f3rych mowa w ust. 1, potwierdza si\u0119 stosownym o\u015bwiadczeniem z\u0142o\u017conym pod rygorem odpowiedzialno\u015bci karnej za sk\u0142adanie fa\u0142szywych zezna\u0144. Sk\u0142adaj\u0105cy o\u015bwiadczenie jest obowi\u0105zany do zawarcia w nim klauzuli nast\u0119puj\u0105cej tre\u015bci:&nbsp;<strong>&#8222;Jestem \u015bwiadomy odpowiedzialno\u015bci karnej za z\u0142o\u017cenie fa\u0142szywego o\u015bwiadczenia.&#8221;<\/strong>. Klauzula ta zast\u0119puje pouczenie organu o odpowiedzialno\u015bci karnej za sk\u0142adanie fa\u0142szywych zezna\u0144.<\/p>\n\n\n\n<p class=\"has-text-align-justify\"><br>Od 1 stycznia 2015 r. do 31 grudnia 2015 r. \u015bwiadczenie piel\u0119gnacyjne wynosi 1200 z\u0142 miesi\u0119cznie. Natomiast od 1 stycznia 2016 r. \u015bwiadczenie piel\u0119gnacyjne wynosi\u0107 b\u0119dzie 1300 z\u0142 miesi\u0119cznie (r\u00f3wnowarto\u015b\u0107 kwoty najni\u017cszego wynagrodzenia netto).<br>&nbsp;<br>Od 1 stycznia 2017 roku przewidziana zosta\u0142a coroczna waloryzacja wysoko\u015bci \u015bwiadczenia piel\u0119gnacyjnego, polegaj\u0105ca na corocznym wzro\u015bcie wysoko\u015bci tego \u015bwiadczenia o procentowy wska\u017anik, o jaki zwi\u0119ksza\u0107 si\u0119 b\u0119dzie minimalne wynagrodzenie za prac\u0119.<\/p>\n\n\n\n<p class=\"has-text-align-justify\"><strong>Do wniosku o \u015bwiadczenie piel\u0119gnacyjne nale\u017cy do\u0142\u0105czy\u0107 odpowiednio<\/strong>:<\/p>\n\n\n\n<ol class=\"wp-block-list\"><li>dokument stwierdzaj\u0105cy to\u017csamo\u015b\u0107 wnioskodawcy,<\/li><li>orzeczenie o niepe\u0142nosprawno\u015bci lub o znacznym stopniu niepe\u0142nosprawno\u015bci,<\/li><li>dokumenty za\u015bwiadczenie plac\u00f3wki zapewniaj\u0105cej ca\u0142odobow\u0105 opiek\u0119, w przypadku umieszczenia w niej dziecka, o liczbie dni w tygodniu, w kt\u00f3rych korzysta w niej z ca\u0142odobowej opieki, albo o\u015bwiadczenie o niekorzystaniu przez wi\u0119cej ni\u017c 5 dni w tygodniu z ca\u0142odobowej opieki nad dzieckiem umieszczonym w plac\u00f3wce zapewniaj\u0105cej ca\u0142odobow\u0105 opiek\u0119, w tym w specjalnym o\u015brodku szkolno-wychowawczym<\/li><li>inne dokumenty, w tym o\u015bwiadczenia, niezb\u0119dne do ustalenia prawa do \u015bwiadczenia piel\u0119gnacyjnego.<\/li><\/ol>\n\n\n\n<p class=\"has-text-align-justify\"><strong>Wniosek o \u015bwiadczenie piel\u0119gnacyjne mo\u017cna pobra\u0107 i z\u0142o\u017cy\u0107 w Gminnym O\u015brodku Pomocy Spo\u0142ecznej w Ch\u0105\u015bnie (pok\u00f3j nr 15) od poniedzia\u0142ku do pi\u0105tku w godz. 7.00-15.00 .<\/strong><\/p>\n","protected":false},"excerpt":{"rendered":"<p>\u015awiadczenie piel\u0119gnacyjne z tytu\u0142u rezygnacji z zatrudnienia lub innej pracy zarobkowej, przys\u0142uguje:1)&nbsp;matce albo ojcu,2) opiekunowi faktycznemu dziecka,3) osobie b\u0119d\u0105cej rodzin\u0105 zast\u0119pcz\u0105 spokrewnion\u0105, w rozumieniu ustawy z dnia 9 czerwca 2011 r. o wspieraniu rodziny i systemie pieczy zast\u0119pczej,4) innym osobom, na kt\u00f3rych zgodnie z przepisami ustawy z dnia 25 lutego 1964 r. \u2013 Kodeks rodzinny &hellip;<\/p>\n<p class=\"read-more\"> <a class=\"\" href=\"https:\/\/gminachasno.pl\/index.php\/swiadczenie-pielegnacyjne\/\"> <span class=\"screen-reader-text\">\u015awiadczenie piel\u0119gnacyjne<\/span> Read More &raquo;<\/a><\/p>\n","protected":false},"author":1,"featured_media":0,"parent":0,"menu_order":0,"comment_status":"closed","ping_status":"closed","template":"","meta":{"site-sidebar-layout":"default","site-content-layout":"default","ast-global-header-display":"","ast-main-header-display":"","ast-hfb-above-header-display":"","ast-hfb-below-header-display":"","ast-hfb-mobile-header-display":"","site-post-title":"","ast-breadcrumbs-content":"","ast-featured-img":"","footer-sml-layout":"","theme-transparent-header-meta":"default","adv-header-id-meta":"","stick-header-meta":"","header-above-stick-meta":"","header-main-stick-meta":"","header-below-stick-meta":"","footnotes":""},"class_list":["post-974","page","type-page","status-publish","hentry"],"_links":{"self":[{"href":"https:\/\/gminachasno.pl\/index.php\/wp-json\/wp\/v2\/pages\/974","targetHints":{"allow":["GET"]}}],"collection":[{"href":"https:\/\/gminachasno.pl\/index.php\/wp-json\/wp\/v2\/pages"}],"about":[{"href":"https:\/\/gminachasno.pl\/index.php\/wp-json\/wp\/v2\/types\/page"}],"author":[{"embeddable":true,"href":"https:\/\/gminachasno.pl\/index.php\/wp-json\/wp\/v2\/users\/1"}],"replies":[{"embeddable":true,"href":"https:\/\/gminachasno.pl\/index.php\/wp-json\/wp\/v2\/comments?post=974"}],"version-history":[{"count":2,"href":"https:\/\/gminachasno.pl\/index.php\/wp-json\/wp\/v2\/pages\/974\/revisions"}],"predecessor-version":[{"id":1539,"href":"https:\/\/gminachasno.pl\/index.php\/wp-json\/wp\/v2\/pages\/974\/revisions\/1539"}],"wp:attachment":[{"href":"https:\/\/gminachasno.pl\/index.php\/wp-json\/wp\/v2\/media?parent=974"}],"curies":[{"name":"wp","href":"https:\/\/api.w.org\/{rel}","templated":true}]}}