{"id":957,"date":"2021-05-17T05:42:48","date_gmt":"2021-05-17T03:42:48","guid":{"rendered":"http:\/\/it3.home.pl\/gmina_chasno\/?page_id=957"},"modified":"2025-01-17T10:52:47","modified_gmt":"2025-01-17T09:52:47","slug":"swiadczenia-rodzinne","status":"publish","type":"page","link":"https:\/\/gminachasno.pl\/index.php\/swiadczenia-rodzinne\/","title":{"rendered":"\u015awiadczenia rodzinne"},"content":{"rendered":"\n<p class=\"has-text-align-justify\"><strong>Zasi\u0142ek rodzinny oraz dodatki do zasi\u0142ku rodzinnego<\/strong><\/p>\n\n\n\n<p><strong>Wysoko\u015b\u0107 zasi\u0142ku rodzinnego wynosi miesi\u0119cznie:<\/strong><\/p>\n\n\n\n<ul class=\"wp-block-list\">\n<li>95,00 z\u0142 na dziecko w wieku do uko\u0144czenia 5 roku \u017cycia;<\/li>\n\n\n\n<li>124,00 z\u0142 na dziecko w wieku powy\u017cej 5 roku \u017cycia do uko\u0144czenia 18 roku \u017cycia;<\/li>\n\n\n\n<li>135,00 z\u0142 na dziecko w wieku powy\u017cej 18 roku \u017cycia do uko\u0144czenia 24 roku \u017cycia.<\/li>\n<\/ul>\n\n\n\n<p>Zasi\u0142ek rodzinny ma na celu cz\u0119\u015bciowe pokrycie wydatk\u00f3w na utrzymanie dziecka.<\/p>\n\n\n\n<p><strong>Prawo do zasi\u0142ku rodzinnego i dodatk\u00f3w do tego zasi\u0142ku przys\u0142uguje:<\/strong><\/p>\n\n\n\n<ul class=\"wp-block-list\">\n<li>rodzicom, jednemu z rodzic\u00f3w albo opiekunowi prawnemu dziecka;<\/li>\n\n\n\n<li>opiekunowi faktycznemu dziecka (osoba faktycznie opiekuj\u0105c\u0105 si\u0119 dzieckiem, je\u017celi wyst\u0105pi\u0142a z wnioskiem do s\u0105du rodzinnego o przysposobienie dziecka);<\/li>\n\n\n\n<li>osobie ucz\u0105cej si\u0119 (osoba pe\u0142noletnia ucz\u0105ca si\u0119, niepozostaj\u0105ca na utrzymaniu rodzic\u00f3w w zwi\u0105zku z ich \u015bmierci\u0105 lub w zwi\u0105zku z ustaleniem wyrokiem s\u0105dowym lub ugod\u0105 s\u0105dow\u0105 prawa do aliment\u00f3w z ich strony).<\/li>\n<\/ul>\n\n\n\n<p><strong>Zasi\u0142ek rodzinny przys\u0142uguje rodzicom, jednemu z rodzic\u00f3w albo opiekunowi prawnemu dziecka lub opiekunowi faktycznemu dziecka do uko\u0144czenia przez dziecko:<\/strong><\/p>\n\n\n\n<ul class=\"wp-block-list\">\n<li>18 roku \u017cycia lub<\/li>\n\n\n\n<li>nauki w szkole, jednak nie d\u0142u\u017cej ni\u017c do uko\u0144czenia 21 roku \u017cycia, albo<\/li>\n\n\n\n<li>24 roku \u017cycia, je\u017celi kontynuuje nauk\u0119 w szkole lub w szkole wy\u017cszej i legitymuje si\u0119 orzeczeniem o umiarkowanym albo znacznym stopniu niepe\u0142nosprawno\u015bci.<\/li>\n<\/ul>\n\n\n\n<p><strong>Zasi\u0142ek rodzinny nie przys\u0142uguje, je\u017celi:<\/strong><\/p>\n\n\n\n<ul class=\"wp-block-list\">\n<li>dziecko lub osoba ucz\u0105ca si\u0119 pozostaj\u0105 w zwi\u0105zku ma\u0142\u017ce\u0144skim;<\/li>\n\n\n\n<li>dziecko zosta\u0142o umieszczone w instytucji zapewniaj\u0105cej ca\u0142odobowe utrzymanie albo w pieczy zast\u0119pczej;<\/li>\n\n\n\n<li>osoba ucz\u0105ca si\u0119 zosta\u0142a umieszczona w instytucji zapewniaj\u0105cej ca\u0142odobowe utrzymanie;<\/li>\n\n\n\n<li>pe\u0142noletnie dziecko lub osoba ucz\u0105ca si\u0119 jest uprawniona do zasi\u0142ku rodzinnego na w\u0142asne dziecko;<\/li>\n\n\n\n<li>osobie samotnie wychowuj\u0105cej dziecko nie zosta\u0142o zas\u0105dzone \u015bwiadczenie alimentacyjne na rzecz dziecka od jego rodzica, chyba \u017ce:\n<ul class=\"wp-block-list\">\n<li>rodzice lub jedno z rodzic\u00f3w dziecka nie \u017cyje,<\/li>\n\n\n\n<li>ojciec dziecka jest nieznany,<\/li>\n\n\n\n<li>pow\u00f3dztwo o ustalenie \u015bwiadczenia alimentacyjnego od drugiego z rodzic\u00f3w zosta\u0142o oddalone,<\/li>\n\n\n\n<li>s\u0105d zobowi\u0105za\u0142 jednego z rodzic\u00f3w do ponoszenia ca\u0142kowitych koszt\u00f3w utrzymania dziecka i nie zobowi\u0105za\u0142 drugiego z rodzic\u00f3w do \u015bwiadczenia alimentacyjnego na rzecz tego dziecka;<\/li>\n\n\n\n<li>cz\u0142onkowi rodziny przys\u0142uguje na dziecko zasi\u0142ek rodzinny za granic\u0105, chyba \u017ce przepisy o koordynacji system\u00f3w zabezpieczenia spo\u0142ecznego lub dwustronne umowy o zabezpieczeniu spo\u0142ecznym stanowi\u0105 inaczej.<\/li>\n<\/ul>\n<\/li>\n<\/ul>\n\n\n\n<p>Przyznanie prawa do zasi\u0142ku rodzinnego uzale\u017cnione jest m.in. od spe\u0142nienia kryterium dochodowego. Zasi\u0142ek rodzinny przys\u0142uguje, je\u017celi przeci\u0119tny miesi\u0119czny <strong>doch\u00f3d rodziny w przeliczeniu na osob\u0119 albo doch\u00f3d osoby ucz\u0105cej si\u0119 nie przekracza kwoty 674,00 z\u0142<\/strong>. W przypadku <strong>gdy cz\u0142onkiem rodziny jest dziecko legitymuj\u0105ce si\u0119 orzeczeniem o niepe\u0142nosprawno\u015bci<\/strong> lub orzeczeniem o umiarkowanym albo o znacznym stopniu niepe\u0142nosprawno\u015bci, zasi\u0142ek rodzinny przys\u0142uguje, je\u017celi przeci\u0119tny miesi\u0119czny <strong>doch\u00f3d rodziny w przeliczeniu na osob\u0119 albo doch\u00f3d osoby ucz\u0105cej si\u0119 nie przekracza kwoty 764,00 z\u0142<\/strong>.<\/p>\n\n\n\n<p>Wniosek o ustalenie prawa do \u015bwiadcze\u0144 rodzinnych nale\u017cy z\u0142o\u017cy\u0107 w urz\u0119dzie gminy ze wzgl\u0119du na miejsce zamieszkania.<\/p>\n\n\n\n<p>Zasi\u0142ek ten jest zwolniony z opodatkowania (podstawa prawna: art. 21 ust. 1 pkt 8 ustawy o podatku dochodowym od os\u00f3b fizycznych).<\/p>\n\n\n\n<p><strong>Przyznawanie \u015bwiadcze\u0144 z zastosowaniem zasady \u201ez\u0142ot\u00f3wka za z\u0142ot\u00f3wk\u0119\u201d<\/strong><\/p>\n\n\n\n<p>Rodziny, kt\u00f3re przekrocz\u0105 pr\u00f3g dochodowy nie strac\u0105 wsparcia finansowego pa\u0144stwa. Zasada \u201cz\u0142ot\u00f3wka za z\u0142ot\u00f3wk\u0119\u201d, polega na tym, \u015bwiadczenia s\u0105 stopniowo obni\u017cane wraz ze wzrostem dochod\u00f3w. Za ka\u017cde przekroczenie progu o 1 z\u0142, \u0142\u0105czna kwota \u015bwiadcze\u0144 przys\u0142uguj\u0105cych rodzinie b\u0119dzie pomniejszana o 1 z\u0142 x liczba cz\u0142onk\u00f3w rodziny.<\/p>\n\n\n\n<p><strong>Niezb\u0119dne dokumenty:<\/strong><\/p>\n\n\n\n<p class=\"has-text-align-justify\">w przypadku gdy po 2023 r. cz\u0142onek rodziny rozpocz\u0105\u0142 prac\u0119 &#8211; <strong>za\u015bwiadczenie z zak\u0142adu pracy o wynagrodzeniu netto za miesi\u0105c nast\u0119pny po miesi\u0105cu, w kt\u00f3rym cz\u0142onek rodziny rozpocz\u0105\u0142 prac\u0119.<\/strong><\/p>\n\n\n\n<p><strong>nakazy p\u0142atnicze potwierdzaj\u0105ce wielko\u015b\u0107 przeliczeniow\u0105 gospodarstwa rolnego w 2023 r.<\/strong> (UWAGA!!! W przypadku posiadania gospodarstwa rolnego poza terenem gminy Ch\u0105\u015bno, nale\u017cy r\u00f3wnie\u017c do\u0142\u0105czy\u0107 nakazy p\u0142atnicze spoza gminy Ch\u0105\u015bno.);<\/p>\n\n\n\n<p>w przypadku gdy w 2023 r. lub w kolejnych latach nast\u0105pi\u0142a utrata dochodu (cz\u0142onek rodziny zmieni\u0142 prac\u0119 lub zaprzesta\u0142 pracy) &#8211; <strong>\u015bwiadectwo pracy lub inny dokument potwierdzaj\u0105cy utrat\u0119 dochodu<\/strong>;<\/p>\n\n\n\n<p>w przypadku gdy w 2023 r. cz\u0142onek rodziny uzyskiwa\u0142 dochody z r\u00f3\u017cnych \u017ar\u00f3de\u0142 (np. dwa zak\u0142ady pracy), u kt\u00f3rego nast\u0105pi\u0142a utrata dochodu z jednego z tych \u017ar\u00f3de\u0142 dochodu &#8211; <strong>pit-11 z obydw\u00f3ch zak\u0142ad\u00f3w pracy;<\/strong><\/p>\n","protected":false},"excerpt":{"rendered":"<p>Zasi\u0142ek rodzinny oraz dodatki do zasi\u0142ku rodzinnego Wysoko\u015b\u0107 zasi\u0142ku rodzinnego wynosi miesi\u0119cznie: Zasi\u0142ek rodzinny ma na celu cz\u0119\u015bciowe pokrycie wydatk\u00f3w na utrzymanie dziecka. Prawo do zasi\u0142ku rodzinnego i dodatk\u00f3w do tego zasi\u0142ku przys\u0142uguje: Zasi\u0142ek rodzinny przys\u0142uguje rodzicom, jednemu z rodzic\u00f3w albo opiekunowi prawnemu dziecka lub opiekunowi faktycznemu dziecka do uko\u0144czenia przez dziecko: Zasi\u0142ek rodzinny nie &hellip;<\/p>\n<p class=\"read-more\"> <a class=\"\" href=\"https:\/\/gminachasno.pl\/index.php\/swiadczenia-rodzinne\/\"> <span class=\"screen-reader-text\">\u015awiadczenia rodzinne<\/span> Read More &raquo;<\/a><\/p>\n","protected":false},"author":1,"featured_media":0,"parent":0,"menu_order":0,"comment_status":"closed","ping_status":"closed","template":"","meta":{"site-sidebar-layout":"default","site-content-layout":"default","ast-global-header-display":"","ast-main-header-display":"","ast-hfb-above-header-display":"","ast-hfb-below-header-display":"","ast-hfb-mobile-header-display":"","site-post-title":"","ast-breadcrumbs-content":"","ast-featured-img":"","footer-sml-layout":"","theme-transparent-header-meta":"default","adv-header-id-meta":"","stick-header-meta":"","header-above-stick-meta":"","header-main-stick-meta":"","header-below-stick-meta":"","footnotes":""},"class_list":["post-957","page","type-page","status-publish","hentry"],"_links":{"self":[{"href":"https:\/\/gminachasno.pl\/index.php\/wp-json\/wp\/v2\/pages\/957","targetHints":{"allow":["GET"]}}],"collection":[{"href":"https:\/\/gminachasno.pl\/index.php\/wp-json\/wp\/v2\/pages"}],"about":[{"href":"https:\/\/gminachasno.pl\/index.php\/wp-json\/wp\/v2\/types\/page"}],"author":[{"embeddable":true,"href":"https:\/\/gminachasno.pl\/index.php\/wp-json\/wp\/v2\/users\/1"}],"replies":[{"embeddable":true,"href":"https:\/\/gminachasno.pl\/index.php\/wp-json\/wp\/v2\/comments?post=957"}],"version-history":[{"count":5,"href":"https:\/\/gminachasno.pl\/index.php\/wp-json\/wp\/v2\/pages\/957\/revisions"}],"predecessor-version":[{"id":5553,"href":"https:\/\/gminachasno.pl\/index.php\/wp-json\/wp\/v2\/pages\/957\/revisions\/5553"}],"wp:attachment":[{"href":"https:\/\/gminachasno.pl\/index.php\/wp-json\/wp\/v2\/media?parent=957"}],"curies":[{"name":"wp","href":"https:\/\/api.w.org\/{rel}","templated":true}]}}

Świadczenia rodzinne

<p class="has-text-align-justify"><strong>Zasiłek rodzinny oraz dodatki do zasiłku rodzinnego</strong></p>



<p><strong>Wysokość zasiłku rodzinnego wynosi miesięcznie:</strong></p>



<ul class="wp-block-list">
<li>95,00 zł na dziecko w wieku do ukończenia 5 roku życia;</li>



<li>124,00 zł na dziecko w wieku powyżej 5 roku życia do ukończenia 18 roku życia;</li>



<li>135,00 zł na dziecko w wieku powyżej 18 roku życia do ukończenia 24 roku życia.</li>
</ul>



<p>Zasiłek rodzinny ma na celu częściowe pokrycie wydatków na utrzymanie dziecka.</p>



<p><strong>Prawo do zasiłku rodzinnego i dodatków do tego zasiłku przysługuje:</strong></p>



<ul class="wp-block-list">
<li>rodzicom, jednemu z rodziców albo opiekunowi prawnemu dziecka;</li>



<li>opiekunowi faktycznemu dziecka (osoba faktycznie opiekującą się dzieckiem, jeżeli wystąpiła z wnioskiem do sądu rodzinnego o przysposobienie dziecka);</li>



<li>osobie uczącej się (osoba pełnoletnia ucząca się, niepozostająca na utrzymaniu rodziców w związku z ich śmiercią lub w związku z ustaleniem wyrokiem sądowym lub ugodą sądową prawa do alimentów z ich strony).</li>
</ul>



<p><strong>Zasiłek rodzinny przysługuje rodzicom, jednemu z rodziców albo opiekunowi prawnemu dziecka lub opiekunowi faktycznemu dziecka do ukończenia przez dziecko:</strong></p>



<ul class="wp-block-list">
<li>18 roku życia lub</li>



<li>nauki w szkole, jednak nie dłużej niż do ukończenia 21 roku życia, albo</li>



<li>24 roku życia, jeżeli kontynuuje naukę w szkole lub w szkole wyższej i legitymuje się orzeczeniem o umiarkowanym albo znacznym stopniu niepełnosprawności.</li>
</ul>



<p><strong>Zasiłek rodzinny nie przysługuje, jeżeli:</strong></p>



<ul class="wp-block-list">
<li>dziecko lub osoba ucząca się pozostają w związku małżeńskim;</li>



<li>dziecko zostało umieszczone w instytucji zapewniającej całodobowe utrzymanie albo w pieczy zastępczej;</li>



<li>osoba ucząca się została umieszczona w instytucji zapewniającej całodobowe utrzymanie;</li>



<li>pełnoletnie dziecko lub osoba ucząca się jest uprawniona do zasiłku rodzinnego na własne dziecko;</li>



<li>osobie samotnie wychowującej dziecko nie zostało zasądzone świadczenie alimentacyjne na rzecz dziecka od jego rodzica, chyba że:
<ul class="wp-block-list">
<li>rodzice lub jedno z rodziców dziecka nie żyje,</li>



<li>ojciec dziecka jest nieznany,</li>



<li>powództwo o ustalenie świadczenia alimentacyjnego od drugiego z rodziców zostało oddalone,</li>



<li>sąd zobowiązał jednego z rodziców do ponoszenia całkowitych kosztów utrzymania dziecka i nie zobowiązał drugiego z rodziców do świadczenia alimentacyjnego na rzecz tego dziecka;</li>



<li>członkowi rodziny przysługuje na dziecko zasiłek rodzinny za granicą, chyba że przepisy o koordynacji systemów zabezpieczenia społecznego lub dwustronne umowy o zabezpieczeniu społecznym stanowią inaczej.</li>
</ul>
</li>
</ul>



<p>Przyznanie prawa do zasiłku rodzinnego uzależnione jest m.in. od spełnienia kryterium dochodowego. Zasiłek rodzinny przysługuje, jeżeli przeciętny miesięczny <strong>dochód rodziny w przeliczeniu na osobę albo dochód osoby uczącej się nie przekracza kwoty 674,00 zł</strong>. W przypadku <strong>gdy członkiem rodziny jest dziecko legitymujące się orzeczeniem o niepełnosprawności</strong> lub orzeczeniem o umiarkowanym albo o znacznym stopniu niepełnosprawności, zasiłek rodzinny przysługuje, jeżeli przeciętny miesięczny <strong>dochód rodziny w przeliczeniu na osobę albo dochód osoby uczącej się nie przekracza kwoty 764,00 zł</strong>.</p>



<p>Wniosek o ustalenie prawa do świadczeń rodzinnych należy złożyć w urzędzie gminy ze względu na miejsce zamieszkania.</p>



<p>Zasiłek ten jest zwolniony z opodatkowania (podstawa prawna: art. 21 ust. 1 pkt 8 ustawy o podatku dochodowym od osób fizycznych).</p>



<p><strong>Przyznawanie świadczeń z zastosowaniem zasady „złotówka za złotówkę”</strong></p>



<p>Rodziny, które przekroczą próg dochodowy nie stracą wsparcia finansowego państwa. Zasada “złotówka za złotówkę”, polega na tym, świadczenia są stopniowo obniżane wraz ze wzrostem dochodów. Za każde przekroczenie progu o 1 zł, łączna kwota świadczeń przysługujących rodzinie będzie pomniejszana o 1 zł x liczba członków rodziny.</p>



<p><strong>Niezbędne dokumenty:</strong></p>



<p class="has-text-align-justify">w przypadku gdy po 2023 r. członek rodziny rozpoczął pracę &#8211; <strong>zaświadczenie z zakładu pracy o wynagrodzeniu netto za miesiąc następny po miesiącu, w którym członek rodziny rozpoczął pracę.</strong></p>



<p><strong>nakazy płatnicze potwierdzające wielkość przeliczeniową gospodarstwa rolnego w 2023 r.</strong> (UWAGA!!! W przypadku posiadania gospodarstwa rolnego poza terenem gminy Chąśno, należy również dołączyć nakazy płatnicze spoza gminy Chąśno.);</p>



<p>w przypadku gdy w 2023 r. lub w kolejnych latach nastąpiła utrata dochodu (członek rodziny zmienił pracę lub zaprzestał pracy) &#8211; <strong>świadectwo pracy lub inny dokument potwierdzający utratę dochodu</strong>;</p>



<p>w przypadku gdy w 2023 r. członek rodziny uzyskiwał dochody z różnych źródeł (np. dwa zakłady pracy), u którego nastąpiła utrata dochodu z jednego z tych źródeł dochodu &#8211; <strong>pit-11 z obydwóch zakładów pracy;</strong></p>

<p>Zasiłek rodzinny oraz dodatki do zasiłku rodzinnego Wysokość zasiłku rodzinnego wynosi miesięcznie: Zasiłek rodzinny ma na celu częściowe pokrycie wydatków na utrzymanie dziecka. Prawo do zasiłku rodzinnego i dodatków do tego zasiłku przysługuje: Zasiłek rodzinny przysługuje rodzicom, jednemu z rodziców albo opiekunowi prawnemu dziecka lub opiekunowi faktycznemu dziecka do ukończenia przez dziecko: Zasiłek rodzinny nie &hellip;</p>
<p class="read-more"> <a class="" href="https://gminachasno.pl/index.php/swiadczenia-rodzinne/"> <span class="screen-reader-text">Świadczenia rodzinne</span> Read More &raquo;</a></p>
