{"id":562,"date":"2021-05-10T06:45:56","date_gmt":"2021-05-10T04:45:56","guid":{"rendered":"http:\/\/it3.home.pl\/gmina_chasno\/?page_id=562"},"modified":"2025-01-22T14:00:34","modified_gmt":"2025-01-22T13:00:34","slug":"podatek-od-nieruchomosci","status":"publish","type":"page","link":"https:\/\/gminachasno.pl\/index.php\/podatek-od-nieruchomosci\/","title":{"rendered":"PODATEK OD NIERUCHOMO\u015aCI"},"content":{"rendered":"\n<p class=\"has-text-align-justify\"><strong>Przedmiotem opodatkowania podatkiem od nieruchomo\u015bci<\/strong>&nbsp;s\u0105<\/p>\n\n\n\n<ul class=\"wp-block-list\">\n<li>grunty,<\/li>\n\n\n\n<li>budynki lub ich cz\u0119\u015bci,<\/li>\n\n\n\n<li>budowle lub ich cz\u0119\u015bci zwi\u0105zane z prowadzeniem dzia\u0142alno\u015bci gospodarcze.<\/li>\n<\/ul>\n\n\n\n<p class=\"has-text-align-justify\"><strong>Podmiotami obowi\u0105zanymi do zap\u0142aty podatku od nieruchomo\u015bci<\/strong>&nbsp;s\u0105:<\/p>\n\n\n\n<ul class=\"wp-block-list\">\n<li>w\u0142a\u015bciciele<\/li>\n\n\n\n<li>u\u017cytkownicy wieczy\u015bci<\/li>\n\n\n\n<li>samoistni posiadacze<\/li>\n\n\n\n<li>w niekt\u00f3rych przypadkach &#8211; posiadacze zale\u017cni nieruchomo\u015bci lub ich cz\u0119\u015bci stanowi\u0105cych w\u0142asno\u015b\u0107 Skarbu Pa\u0144stwa lub jednostki samorz\u0105du terytorialnego.<\/li>\n<\/ul>\n\n\n\n<p class=\"has-text-align-justify\"><strong>Powstanie i wyga\u015bni\u0119cie obowi\u0105zku podatkowego<\/strong><\/p>\n\n\n\n<p class=\"has-text-align-justify\">Obowi\u0105zek podatkowy powstaje z pierwszym dniem miesi\u0105ca nast\u0119puj\u0105cego po miesi\u0105cu, w kt\u00f3rym nast\u0105pi\u0142o nabycie tytu\u0142u prawnego do przedmiotu opodatkowania lub wej\u015bcie w jego posiadanie. Je\u017celi okoliczno\u015bci\u0105, od kt\u00f3rej jest uzale\u017cniony obowi\u0105zek podatkowy, jest istnienie budowli albo budynku lub ich cz\u0119\u015bci, obowi\u0105zek podatkowy powstaje z dniem 1 stycznia roku nast\u0119puj\u0105cego po roku, w kt\u00f3rym budowa zosta\u0142a zako\u0144czona albo w kt\u00f3rym rozpocz\u0119to u\u017cytkowanie budowli albo budynku lub ich cz\u0119\u015bci przed ich ostatecznym wyko\u0144czeniem.<\/p>\n\n\n\n<p class=\"has-text-align-justify\">Obowi\u0105zek podatkowy wygasa z up\u0142ywem miesi\u0105ca, w kt\u00f3rym usta\u0142y okoliczno\u015bci uzasadniaj\u0105ce&nbsp;ten&nbsp;obowi\u0105zek.<\/p>\n\n\n\n<p class=\"has-text-align-justify\"><strong>Czynno\u015bci i dokumenty zwi\u0105zane z podatkiem od nieruchomo\u015bci<\/strong><\/p>\n\n\n\n<p class=\"has-text-align-justify\">Podatnicy podatku od nieruchomo\u015bci s\u0105 obowi\u0105zani sk\u0142ada\u0107 organowi podatkowemu&nbsp; (w\u00f3jtowi), w\u0142a\u015bciwemu ze wzgl\u0119du na miejsce po\u0142o\u017cenia przedmiot\u00f3w opodatkowania, sporz\u0105dzone na formularzach wed\u0142ug wzoru okre\u015blonego uchwa\u0142\u0105 rady gminy:<\/p>\n\n\n\n<ul class=\"wp-block-list\">\n<li>informacje o nieruchomo\u015bciach i obiektach budowlanych (osoby fizyczne) w terminie 14 dni od dnia zaistnienia okoliczno\u015bci uzasadniaj\u0105cych powstanie albo wyga\u015bni\u0119cie obowi\u0105zku podatkowego lub od zaistnienia zdarzenia powoduj\u0105cego zmian\u0119 wysoko\u015bci opodatkowania,<\/li>\n\n\n\n<li>deklaracje na podatek od nieruchomo\u015bci (osoby prawne i jednostki organizacyjne, w tym sp\u00f3\u0142ki nieposiadaj\u0105ce osobowo\u015bci prawnej) w terminie do dnia 31 stycznia roku podatkowego, a je\u017celi obowi\u0105zek podatkowy powsta\u0142 po tym dniu w terminie 14 dni od dnia wyst\u0105pienia okoliczno\u015bci uzasadniaj\u0105cych powstanie albo wyga\u015bni\u0119cie obowi\u0105zku podatkowego lub od zaistnienia zdarzenia powoduj\u0105cego zmian\u0119 wysoko\u015bci opodatkowania.<\/li>\n<\/ul>\n\n\n\n<p><\/p>\n\n\n\n<p><u><strong><a href=\"https:\/\/dziennik.lodzkie.eu\/legalact\/2024\/9952\/\">DEKLARACJA NA PODATEK OD NIERUCHOMO\u015aCI &#8211; OSOBY PRAWNE<\/a><\/strong><\/u><\/p>\n\n\n\n<p><strong><a href=\"https:\/\/www.podatki.gov.pl\/podatki-i-oplaty-lokalne\/formularze\/\"><\/a><\/strong><img decoding=\"async\" class=\"wp-image-547\" style=\"width: NaNpx;\" src=\"http:\/\/it3.home.pl\/gmina_chasno\/wp-content\/uploads\/2021\/05\/assets-logotypes-polish-emblem.svg\" alt=\"\"><strong><a href=\"https:\/\/www.podatki.gov.pl\/podatki-i-oplaty-lokalne\/formularze\/\">INFORMACJA W SPRAWIE PODATKU OD NIERUCHOMO\u015aCI, PODATKU ROLNEGO, PODATKU LE\u015aNEGO &#8211; OSOBY FIZYCZNE<\/a><\/strong><\/p>\n\n\n\n<p><strong>Stawki podatku<\/strong><\/p>\n\n\n\n<p class=\"has-text-align-justify\">Rada gminy okre\u015bla, w drodze uchwa\u0142y stawki podatku od nieruchomo\u015bci.<\/p>\n\n\n\n<p> <u><strong><a href=\"https:\/\/dziennik.lodzkie.eu\/legalact\/2024\/9952\/\">UCHWA\u0141A RADY GMINY CH\u0104\u015aNO W SPRAWIE STAWEK PODATKU OD NIERUCHOMO\u015aCI<\/a><\/strong><\/u><\/p>\n\n\n\n<p class=\"has-text-align-justify\"><strong>Terminy i sposoby p\u0142atno\u015bci podatku od nieruchomo\u015bci<\/strong><\/p>\n\n\n\n<ul class=\"wp-block-list\">\n<li>osoby fizyczne &#8211; w 4 ratach proporcjonalnych do czasu trwania obowi\u0105zku podatkowego &#8211;&nbsp;<strong>do 15 marca, 15 maja, 15 wrze\u015bnia i 15 listopada<\/strong>&nbsp;roku podatkowego na indywidualne koto bankowe lub w drodze inkasa u so\u0142tysa;<\/li>\n\n\n\n<li>osoby prawne i jednostki organizacyjne niemaj\u0105ce osobowo\u015bci prawnej, w tym sp\u00f3\u0142ki nieposiadaj\u0105ce osobowo\u015bci prawnej &#8211; za poszczeg\u00f3lne miesi\u0105ce w ratach proporcjonalnych do czasu trwania obowi\u0105zku podatkowego &#8211; do&nbsp;<strong>15 dnia ka\u017cdego miesi\u0105ca<\/strong>, a za&nbsp;<strong>stycze\u0144 do dnia 31 stycznia<\/strong>&nbsp;przelewem na rachunek Urz\u0119du Gminy Ch\u0105\u015bno 29 9288 1112 1014 7164 2000 0010<\/li>\n<\/ul>\n\n\n\n<p><\/p>\n","protected":false},"excerpt":{"rendered":"<p>Przedmiotem opodatkowania podatkiem od nieruchomo\u015bci&nbsp;s\u0105 Podmiotami obowi\u0105zanymi do zap\u0142aty podatku od nieruchomo\u015bci&nbsp;s\u0105: Powstanie i wyga\u015bni\u0119cie obowi\u0105zku podatkowego Obowi\u0105zek podatkowy powstaje z pierwszym dniem miesi\u0105ca nast\u0119puj\u0105cego po miesi\u0105cu, w kt\u00f3rym nast\u0105pi\u0142o nabycie tytu\u0142u prawnego do przedmiotu opodatkowania lub wej\u015bcie w jego posiadanie. Je\u017celi okoliczno\u015bci\u0105, od kt\u00f3rej jest uzale\u017cniony obowi\u0105zek podatkowy, jest istnienie budowli albo budynku lub &hellip;<\/p>\n<p class=\"read-more\"> <a class=\"\" href=\"https:\/\/gminachasno.pl\/index.php\/podatek-od-nieruchomosci\/\"> <span class=\"screen-reader-text\">PODATEK OD NIERUCHOMO\u015aCI<\/span> Read More &raquo;<\/a><\/p>\n","protected":false},"author":1,"featured_media":0,"parent":0,"menu_order":0,"comment_status":"closed","ping_status":"closed","template":"","meta":{"site-sidebar-layout":"default","site-content-layout":"default","ast-global-header-display":"","ast-main-header-display":"","ast-hfb-above-header-display":"","ast-hfb-below-header-display":"","ast-hfb-mobile-header-display":"","site-post-title":"","ast-breadcrumbs-content":"","ast-featured-img":"","footer-sml-layout":"","theme-transparent-header-meta":"default","adv-header-id-meta":"","stick-header-meta":"","header-above-stick-meta":"","header-main-stick-meta":"","header-below-stick-meta":"","footnotes":""},"class_list":["post-562","page","type-page","status-publish","hentry"],"_links":{"self":[{"href":"https:\/\/gminachasno.pl\/index.php\/wp-json\/wp\/v2\/pages\/562","targetHints":{"allow":["GET"]}}],"collection":[{"href":"https:\/\/gminachasno.pl\/index.php\/wp-json\/wp\/v2\/pages"}],"about":[{"href":"https:\/\/gminachasno.pl\/index.php\/wp-json\/wp\/v2\/types\/page"}],"author":[{"embeddable":true,"href":"https:\/\/gminachasno.pl\/index.php\/wp-json\/wp\/v2\/users\/1"}],"replies":[{"embeddable":true,"href":"https:\/\/gminachasno.pl\/index.php\/wp-json\/wp\/v2\/comments?post=562"}],"version-history":[{"count":8,"href":"https:\/\/gminachasno.pl\/index.php\/wp-json\/wp\/v2\/pages\/562\/revisions"}],"predecessor-version":[{"id":5555,"href":"https:\/\/gminachasno.pl\/index.php\/wp-json\/wp\/v2\/pages\/562\/revisions\/5555"}],"wp:attachment":[{"href":"https:\/\/gminachasno.pl\/index.php\/wp-json\/wp\/v2\/media?parent=562"}],"curies":[{"name":"wp","href":"https:\/\/api.w.org\/{rel}","templated":true}]}}

PODATEK OD NIERUCHOMOŚCI

<p class="has-text-align-justify"><strong>Przedmiotem opodatkowania podatkiem od nieruchomości</strong>&nbsp;są</p>



<ul class="wp-block-list">
<li>grunty,</li>



<li>budynki lub ich części,</li>



<li>budowle lub ich części związane z prowadzeniem działalności gospodarcze.</li>
</ul>



<p class="has-text-align-justify"><strong>Podmiotami obowiązanymi do zapłaty podatku od nieruchomości</strong>&nbsp;są:</p>



<ul class="wp-block-list">
<li>właściciele</li>



<li>użytkownicy wieczyści</li>



<li>samoistni posiadacze</li>



<li>w niektórych przypadkach &#8211; posiadacze zależni nieruchomości lub ich części stanowiących własność Skarbu Państwa lub jednostki samorządu terytorialnego.</li>
</ul>



<p class="has-text-align-justify"><strong>Powstanie i wygaśnięcie obowiązku podatkowego</strong></p>



<p class="has-text-align-justify">Obowiązek podatkowy powstaje z pierwszym dniem miesiąca następującego po miesiącu, w którym nastąpiło nabycie tytułu prawnego do przedmiotu opodatkowania lub wejście w jego posiadanie. Jeżeli okolicznością, od której jest uzależniony obowiązek podatkowy, jest istnienie budowli albo budynku lub ich części, obowiązek podatkowy powstaje z dniem 1 stycznia roku następującego po roku, w którym budowa została zakończona albo w którym rozpoczęto użytkowanie budowli albo budynku lub ich części przed ich ostatecznym wykończeniem.</p>



<p class="has-text-align-justify">Obowiązek podatkowy wygasa z upływem miesiąca, w którym ustały okoliczności uzasadniające&nbsp;ten&nbsp;obowiązek.</p>



<p class="has-text-align-justify"><strong>Czynności i dokumenty związane z podatkiem od nieruchomości</strong></p>



<p class="has-text-align-justify">Podatnicy podatku od nieruchomości są obowiązani składać organowi podatkowemu&nbsp; (wójtowi), właściwemu ze względu na miejsce położenia przedmiotów opodatkowania, sporządzone na formularzach według wzoru określonego uchwałą rady gminy:</p>



<ul class="wp-block-list">
<li>informacje o nieruchomościach i obiektach budowlanych (osoby fizyczne) w terminie 14 dni od dnia zaistnienia okoliczności uzasadniających powstanie albo wygaśnięcie obowiązku podatkowego lub od zaistnienia zdarzenia powodującego zmianę wysokości opodatkowania,</li>



<li>deklaracje na podatek od nieruchomości (osoby prawne i jednostki organizacyjne, w tym spółki nieposiadające osobowości prawnej) w terminie do dnia 31 stycznia roku podatkowego, a jeżeli obowiązek podatkowy powstał po tym dniu w terminie 14 dni od dnia wystąpienia okoliczności uzasadniających powstanie albo wygaśnięcie obowiązku podatkowego lub od zaistnienia zdarzenia powodującego zmianę wysokości opodatkowania.</li>
</ul>



<p></p>



<p><u><strong><a href="https://dziennik.lodzkie.eu/legalact/2024/9952/">DEKLARACJA NA PODATEK OD NIERUCHOMOŚCI &#8211; OSOBY PRAWNE</a></strong></u></p>



<p><strong><a href="https://www.podatki.gov.pl/podatki-i-oplaty-lokalne/formularze/"></a></strong><img decoding="async" class="wp-image-547" style="width: NaNpx;" src="http://it3.home.pl/gmina_chasno/wp-content/uploads/2021/05/assets-logotypes-polish-emblem.svg" alt=""><strong><a href="https://www.podatki.gov.pl/podatki-i-oplaty-lokalne/formularze/">INFORMACJA W SPRAWIE PODATKU OD NIERUCHOMOŚCI, PODATKU ROLNEGO, PODATKU LEŚNEGO &#8211; OSOBY FIZYCZNE</a></strong></p>



<p><strong>Stawki podatku</strong></p>



<p class="has-text-align-justify">Rada gminy określa, w drodze uchwały stawki podatku od nieruchomości.</p>



<p> <u><strong><a href="https://dziennik.lodzkie.eu/legalact/2024/9952/">UCHWAŁA RADY GMINY CHĄŚNO W SPRAWIE STAWEK PODATKU OD NIERUCHOMOŚCI</a></strong></u></p>



<p class="has-text-align-justify"><strong>Terminy i sposoby płatności podatku od nieruchomości</strong></p>



<ul class="wp-block-list">
<li>osoby fizyczne &#8211; w 4 ratach proporcjonalnych do czasu trwania obowiązku podatkowego &#8211;&nbsp;<strong>do 15 marca, 15 maja, 15 września i 15 listopada</strong>&nbsp;roku podatkowego na indywidualne koto bankowe lub w drodze inkasa u sołtysa;</li>



<li>osoby prawne i jednostki organizacyjne niemające osobowości prawnej, w tym spółki nieposiadające osobowości prawnej &#8211; za poszczególne miesiące w ratach proporcjonalnych do czasu trwania obowiązku podatkowego &#8211; do&nbsp;<strong>15 dnia każdego miesiąca</strong>, a za&nbsp;<strong>styczeń do dnia 31 stycznia</strong>&nbsp;przelewem na rachunek Urzędu Gminy Chąśno 29 9288 1112 1014 7164 2000 0010</li>
</ul>



<p></p>

<p>Przedmiotem opodatkowania podatkiem od nieruchomości&nbsp;są Podmiotami obowiązanymi do zapłaty podatku od nieruchomości&nbsp;są: Powstanie i wygaśnięcie obowiązku podatkowego Obowiązek podatkowy powstaje z pierwszym dniem miesiąca następującego po miesiącu, w którym nastąpiło nabycie tytułu prawnego do przedmiotu opodatkowania lub wejście w jego posiadanie. Jeżeli okolicznością, od której jest uzależniony obowiązek podatkowy, jest istnienie budowli albo budynku lub &hellip;</p>
<p class="read-more"> <a class="" href="https://gminachasno.pl/index.php/podatek-od-nieruchomosci/"> <span class="screen-reader-text">PODATEK OD NIERUCHOMOŚCI</span> Read More &raquo;</a></p>
