{"id":530,"date":"2021-05-10T06:12:46","date_gmt":"2021-05-10T04:12:46","guid":{"rendered":"http:\/\/it3.home.pl\/gmina_chasno\/?page_id=530"},"modified":"2024-05-08T11:53:10","modified_gmt":"2024-05-08T09:53:10","slug":"komisje-rady-gminy","status":"publish","type":"page","link":"https:\/\/gminachasno.pl\/index.php\/komisje-rady-gminy\/","title":{"rendered":"KOMISJE RADY GMINY"},"content":{"rendered":"\n<p><strong>KOMISJE \u2013 wykaz komisji i os\u00f3b b\u0119d\u0105cych w tych komisjach<br><br><\/strong>Zgodnie a art.18a. ust 1 ustawy z dnia 8 marca 1990 r. o samorz\u0105dzie gminnym Rada gminy w celu kontroli dzia\u0142alno\u015bci w\u00f3jta, gminnych jednostek organizacyjnych oraz jednostek pomocniczych gminy powo\u0142uje komisje:<\/p>\n\n\n\n<p><strong>Powo\u0142ane komisje:<\/strong><\/p>\n\n\n\n<p>1\/ Komisja Rewizyjna<\/p>\n\n\n\n<p>2\/ Komisja Bud\u017cetowo-Gospodarcza<\/p>\n\n\n\n<p>3\/ Komisja O\u015bwiaty, Kultury i Spraw Socjalnych<\/p>\n\n\n\n<p>4\/ Komisja Skarg, Wniosk\u00f3w i Petycji<\/p>\n\n\n\n<p><strong>Sk\u0142ad komisji:<\/strong><\/p>\n\n\n\n<p><strong>&nbsp; &nbsp; &nbsp;I. Komisja Rewizyjna Rady Gminy Ch\u0105\u015bno<\/strong><\/p>\n\n\n\n<ol class=\"wp-block-list\" start=\"1\">\n<li>Bo\u017cena Anna Brodecka \u2013 przewodnicz\u0105ca komisji<\/li>\n\n\n\n<li>Janusz Majer \u2013 zast\u0119pca przewodnicz\u0105cej komisji<\/li>\n\n\n\n<li>Pawe\u0142 Majer \u2013 cz\u0142onek Komisji<\/li>\n\n\n\n<li>Dariusz Jaros \u2013 cz\u0142onek Komisji<\/li>\n\n\n\n<li>Wies\u0142awa Adamowicz \u2013 cz\u0142onek Komisji<\/li>\n\n\n\n<li>Marcin \u0141ukasz P\u0142uska \u2013 cz\u0142onek Komisji<\/li>\n\n\n\n<li>Julian Wojciech Gawro\u0144ski \u2013 cz\u0142onek Komisji<\/li>\n<\/ol>\n\n\n\n<p><strong>&nbsp; &nbsp; II. Komisja Bud\u017cetowo-Gospodarcza Rady Gminy Ch\u0105\u015bno<\/strong><\/p>\n\n\n\n<ol class=\"wp-block-list\" start=\"1\">\n<li>Dariusz Jaros \u2013 przewodnicz\u0105cy komisji<\/li>\n\n\n\n<li>Marcin \u0141ukasz P\u0142uska \u2013 cz\u0142onek komisji<\/li>\n\n\n\n<li>Bo\u017cena Anna Brodecka \u2013 cz\u0142onek Komisji<\/li>\n\n\n\n<li>Janusz Majer \u2013 cz\u0142onek Komisji<\/li>\n\n\n\n<li>Wies\u0142awa Adamowicz \u2013 cz\u0142onek Komisji<\/li>\n\n\n\n<li>Julian Wojciech Gawro\u0144ski \u2013 cz\u0142onek Komisji<\/li>\n\n\n\n<li>Ireneusz So\u0142tysiak \u2013 cz\u0142onek Komisji<\/li>\n\n\n\n<li>Monika S\u0142awek \u2013 cz\u0142onek Komisji<\/li>\n<\/ol>\n\n\n\n<p><strong>&nbsp; &nbsp;III. Komisja O\u015bwiaty, Kultury i Praw Socjalnych Rady Gminy Ch\u0105\u015bno<\/strong><\/p>\n\n\n\n<ol class=\"wp-block-list\" start=\"1\">\n<li>Magdalena Anna Boczek \u2013 cz\u0142onek<\/li>\n\n\n\n<li>Wiktor Piotr Lis \u2013 cz\u0142onek Komisji<\/li>\n\n\n\n<li>Pawe\u0142 Piotr Majer \u2013 cz\u0142onek Komisji<\/li>\n\n\n\n<li>Agnieszka Zenobia Zabost \u2013 cz\u0142onek Komisji<\/li>\n\n\n\n<li>Miros\u0142aw Leszek G\u00f3rajek \u2013 cz\u0142onek Komisji<\/li>\n\n\n\n<li>Marzena Adamczak \u2013 cz\u0142onek komisji<\/li>\n\n\n\n<li>Mateusz Budzy\u0144ski \u2013 cz\u0142onek Komisji<\/li>\n<\/ol>\n\n\n\n<p><strong>&nbsp; &nbsp;IV. Komisja Skarg, wniosk\u00f3w i petycji Rady Gminy Ch\u0105\u015bno<\/strong><\/p>\n\n\n\n<ol class=\"wp-block-list\" start=\"1\">\n<li>Wiktor Piotr Lis \u2013 przewodnicz\u0105cy komisji<\/li>\n\n\n\n<li>Magdalena Anna Boczek \u2013 cz\u0142onek Komisji<\/li>\n\n\n\n<li>Monika S\u0142awek \u2013 cz\u0142onek Komisji<\/li>\n\n\n\n<li>Marzena Adamczak \u2013 cz\u0142onek Komisji<\/li>\n\n\n\n<li>Agnieszka Zenobia Zabost \u2013 cz\u0142onek Komisji<\/li>\n\n\n\n<li>Mateusz Budzy\u0144ski \u2013 cz\u0142onek Komisji<\/li>\n<\/ol>\n","protected":false},"excerpt":{"rendered":"<p>KOMISJE \u2013 wykaz komisji i os\u00f3b b\u0119d\u0105cych w tych komisjach Zgodnie a art.18a. ust 1 ustawy z dnia 8 marca 1990 r. o samorz\u0105dzie gminnym Rada gminy w celu kontroli dzia\u0142alno\u015bci w\u00f3jta, gminnych jednostek organizacyjnych oraz jednostek pomocniczych gminy powo\u0142uje komisje: Powo\u0142ane komisje: 1\/ Komisja Rewizyjna 2\/ Komisja Bud\u017cetowo-Gospodarcza 3\/ Komisja O\u015bwiaty, Kultury i Spraw &hellip;<\/p>\n<p class=\"read-more\"> <a class=\"\" href=\"https:\/\/gminachasno.pl\/index.php\/komisje-rady-gminy\/\"> <span class=\"screen-reader-text\">KOMISJE RADY GMINY<\/span> Read More &raquo;<\/a><\/p>\n","protected":false},"author":1,"featured_media":0,"parent":0,"menu_order":0,"comment_status":"closed","ping_status":"closed","template":"","meta":{"site-sidebar-layout":"default","site-content-layout":"default","ast-global-header-display":"","ast-main-header-display":"","ast-hfb-above-header-display":"","ast-hfb-below-header-display":"","ast-hfb-mobile-header-display":"","site-post-title":"","ast-breadcrumbs-content":"","ast-featured-img":"","footer-sml-layout":"","theme-transparent-header-meta":"default","adv-header-id-meta":"","stick-header-meta":"","header-above-stick-meta":"","header-main-stick-meta":"","header-below-stick-meta":"","footnotes":""},"class_list":["post-530","page","type-page","status-publish","hentry"],"_links":{"self":[{"href":"https:\/\/gminachasno.pl\/index.php\/wp-json\/wp\/v2\/pages\/530","targetHints":{"allow":["GET"]}}],"collection":[{"href":"https:\/\/gminachasno.pl\/index.php\/wp-json\/wp\/v2\/pages"}],"about":[{"href":"https:\/\/gminachasno.pl\/index.php\/wp-json\/wp\/v2\/types\/page"}],"author":[{"embeddable":true,"href":"https:\/\/gminachasno.pl\/index.php\/wp-json\/wp\/v2\/users\/1"}],"replies":[{"embeddable":true,"href":"https:\/\/gminachasno.pl\/index.php\/wp-json\/wp\/v2\/comments?post=530"}],"version-history":[{"count":4,"href":"https:\/\/gminachasno.pl\/index.php\/wp-json\/wp\/v2\/pages\/530\/revisions"}],"predecessor-version":[{"id":5097,"href":"https:\/\/gminachasno.pl\/index.php\/wp-json\/wp\/v2\/pages\/530\/revisions\/5097"}],"wp:attachment":[{"href":"https:\/\/gminachasno.pl\/index.php\/wp-json\/wp\/v2\/media?parent=530"}],"curies":[{"name":"wp","href":"https:\/\/api.w.org\/{rel}","templated":true}]}}

<p><strong>KOMISJE – wykaz komisji i osób będących w tych komisjach<br><br></strong>Zgodnie a art.18a. ust 1 ustawy z dnia 8 marca 1990 r. o samorządzie gminnym Rada gminy w celu kontroli działalności wójta, gminnych jednostek organizacyjnych oraz jednostek pomocniczych gminy powołuje komisje:</p>



<p><strong>Powołane komisje:</strong></p>



<p>1/ Komisja Rewizyjna</p>



<p>2/ Komisja Budżetowo-Gospodarcza</p>



<p>3/ Komisja Oświaty, Kultury i Spraw Socjalnych</p>



<p>4/ Komisja Skarg, Wniosków i Petycji</p>



<p><strong>Skład komisji:</strong></p>



<p><strong>&nbsp; &nbsp; &nbsp;I. Komisja Rewizyjna Rady Gminy Chąśno</strong></p>



<ol class="wp-block-list" start="1">
<li>Bożena Anna Brodecka – przewodnicząca komisji</li>



<li>Janusz Majer – zastępca przewodniczącej komisji</li>



<li>Paweł Majer – członek Komisji</li>



<li>Dariusz Jaros – członek Komisji</li>



<li>Wiesława Adamowicz – członek Komisji</li>



<li>Marcin Łukasz Płuska – członek Komisji</li>



<li>Julian Wojciech Gawroński – członek Komisji</li>
</ol>



<p><strong>&nbsp; &nbsp; II. Komisja Budżetowo-Gospodarcza Rady Gminy Chąśno</strong></p>



<ol class="wp-block-list" start="1">
<li>Dariusz Jaros – przewodniczący komisji</li>



<li>Marcin Łukasz Płuska – członek komisji</li>



<li>Bożena Anna Brodecka – członek Komisji</li>



<li>Janusz Majer – członek Komisji</li>



<li>Wiesława Adamowicz – członek Komisji</li>



<li>Julian Wojciech Gawroński – członek Komisji</li>



<li>Ireneusz Sołtysiak – członek Komisji</li>



<li>Monika Sławek – członek Komisji</li>
</ol>



<p><strong>&nbsp; &nbsp;III. Komisja Oświaty, Kultury i Praw Socjalnych Rady Gminy Chąśno</strong></p>



<ol class="wp-block-list" start="1">
<li>Magdalena Anna Boczek – członek</li>



<li>Wiktor Piotr Lis – członek Komisji</li>



<li>Paweł Piotr Majer – członek Komisji</li>



<li>Agnieszka Zenobia Zabost – członek Komisji</li>



<li>Mirosław Leszek Górajek – członek Komisji</li>



<li>Marzena Adamczak – członek komisji</li>



<li>Mateusz Budzyński – członek Komisji</li>
</ol>



<p><strong>&nbsp; &nbsp;IV. Komisja Skarg, wniosków i petycji Rady Gminy Chąśno</strong></p>



<ol class="wp-block-list" start="1">
<li>Wiktor Piotr Lis – przewodniczący komisji</li>



<li>Magdalena Anna Boczek – członek Komisji</li>



<li>Monika Sławek – członek Komisji</li>



<li>Marzena Adamczak – członek Komisji</li>



<li>Agnieszka Zenobia Zabost – członek Komisji</li>



<li>Mateusz Budzyński – członek Komisji</li>
</ol>

<p>KOMISJE – wykaz komisji i osób będących w tych komisjach Zgodnie a art.18a. ust 1 ustawy z dnia 8 marca 1990 r. o samorządzie gminnym Rada gminy w celu kontroli działalności wójta, gminnych jednostek organizacyjnych oraz jednostek pomocniczych gminy powołuje komisje: Powołane komisje: 1/ Komisja Rewizyjna 2/ Komisja Budżetowo-Gospodarcza 3/ Komisja Oświaty, Kultury i Spraw &hellip;</p>
<p class="read-more"> <a class="" href="https://gminachasno.pl/index.php/komisje-rady-gminy/"> <span class="screen-reader-text">KOMISJE RADY GMINY</span> Read More &raquo;</a></p>
