{"id":1621,"date":"2021-06-17T18:12:04","date_gmt":"2021-06-17T16:12:04","guid":{"rendered":"https:\/\/gminachasno.pl\/?page_id=1621"},"modified":"2021-06-17T19:44:03","modified_gmt":"2021-06-17T17:44:03","slug":"rzadowy-fundusz-inwestycji-lokalnych","status":"publish","type":"page","link":"https:\/\/gminachasno.pl\/index.php\/rzadowy-fundusz-inwestycji-lokalnych\/","title":{"rendered":"Rz\u0105dowy Fundusz Inwestycji Lokalnych"},"content":{"rendered":"\n<div class=\"wp-block-buttons is-layout-flex wp-block-buttons-is-layout-flex\">\n<div class=\"wp-block-button\"><a class=\"wp-block-button__link\" href=\"https:\/\/gminachasno.pl\/index.php\/2021\/06\/17\/remont-drogi-gminnej-w-miejscowosciach-niespusza-wies-oraz-karsznice-male\/\">Remont drogi gminnej w miejscowo\u015bciach Niespusza-Wie\u015b oraz Karsznice Ma\u0142e<\/a><\/div>\n<\/div>\n\n\n\n<div class=\"wp-block-buttons is-layout-flex wp-block-buttons-is-layout-flex\">\n<div class=\"wp-block-button\"><a class=\"wp-block-button__link\" href=\"https:\/\/gminachasno.pl\/index.php\/2021\/06\/17\/montaz-systemu-telewizji-dozorowanej-w-szkole-podstawowej-w-bledowie\/\">Monta\u017c systemu telewizji dozorowanej w Szkole Podstawowej w B\u0142\u0119dowie<\/a><\/div>\n<\/div>\n\n\n\n<p><\/p>\n","protected":false},"excerpt":{"rendered":"","protected":false},"author":1,"featured_media":0,"parent":0,"menu_order":0,"comment_status":"closed","ping_status":"closed","template":"","meta":{"site-sidebar-layout":"default","site-content-layout":"default","ast-global-header-display":"","ast-main-header-display":"","ast-hfb-above-header-display":"","ast-hfb-below-header-display":"","ast-hfb-mobile-header-display":"","site-post-title":"","ast-breadcrumbs-content":"","ast-featured-img":"","footer-sml-layout":"","theme-transparent-header-meta":"default","adv-header-id-meta":"","stick-header-meta":"","header-above-stick-meta":"","header-main-stick-meta":"","header-below-stick-meta":"","footnotes":""},"class_list":["post-1621","page","type-page","status-publish","hentry"],"_links":{"self":[{"href":"https:\/\/gminachasno.pl\/index.php\/wp-json\/wp\/v2\/pages\/1621","targetHints":{"allow":["GET"]}}],"collection":[{"href":"https:\/\/gminachasno.pl\/index.php\/wp-json\/wp\/v2\/pages"}],"about":[{"href":"https:\/\/gminachasno.pl\/index.php\/wp-json\/wp\/v2\/types\/page"}],"author":[{"embeddable":true,"href":"https:\/\/gminachasno.pl\/index.php\/wp-json\/wp\/v2\/users\/1"}],"replies":[{"embeddable":true,"href":"https:\/\/gminachasno.pl\/index.php\/wp-json\/wp\/v2\/comments?post=1621"}],"version-history":[{"count":4,"href":"https:\/\/gminachasno.pl\/index.php\/wp-json\/wp\/v2\/pages\/1621\/revisions"}],"predecessor-version":[{"id":1636,"href":"https:\/\/gminachasno.pl\/index.php\/wp-json\/wp\/v2\/pages\/1621\/revisions\/1636"}],"wp:attachment":[{"href":"https:\/\/gminachasno.pl\/index.php\/wp-json\/wp\/v2\/media?parent=1621"}],"curies":[{"name":"wp","href":"https:\/\/api.w.org\/{rel}","templated":true}]}}