{"id":1326,"date":"2021-05-19T05:33:06","date_gmt":"2021-05-19T03:33:06","guid":{"rendered":"http:\/\/it3.home.pl\/gmina_chasno\/?page_id=1326"},"modified":"2021-05-30T01:26:08","modified_gmt":"2021-05-29T23:26:08","slug":"powszechny-spis-rolny-2020","status":"publish","type":"page","link":"https:\/\/gminachasno.pl\/index.php\/powszechny-spis-rolny-2020\/","title":{"rendered":"Powszechny Spis Rolny 2020"},"content":{"rendered":"\n<p class=\"has-text-align-justify\"><strong>Powszechny Spis Rolny 2020&nbsp;<\/strong>zostanie przeprowadzony w dniach&nbsp;<strong>od 1 wrze\u015bnia do 30 listopada 2020 r.&nbsp;<\/strong>na terenie ca\u0142ego kraju, wed\u0142ug stanu w dniu 1 czerwca 2020 r.<\/p>\n\n\n\n<p class=\"has-text-align-justify\"><strong>Udzia\u0142 w spisie rolnym jest<\/strong>&nbsp;<strong>obowi\u0105zkowy<\/strong>, a u\u017cytkownicy gospodarstw rolnych s\u0105 zobowi\u0105zani do udzielania dok\u0142adnych, wyczerpuj\u0105cych i zgodnych z prawd\u0105 odpowiedzi.<\/p>\n\n\n\n<p class=\"has-text-align-justify\">Obowi\u0105zek realizacji spisu nak\u0142ada na pa\u0144stwa cz\u0142onkowskie Unii Europejskiej rozporz\u0105dzenie Parlamentu Europejskiego i Rady (UE), jak r\u00f3wnie\u017c wynika on z rekomendacji FAO, zawartych w dokumencie pn. \u015awiatowy program spis\u00f3w rolnych rundy 2020 r.<\/p>\n\n\n\n<p class=\"has-text-align-justify\"><strong>Krajow\u0105 podstaw\u0105 prawn\u0105 realizacji spisu rolnego<\/strong>&nbsp;jest ustawa z dnia 31 lipca 2019 r. o powszechnym spisie rolnym w 2020 r. (Dz. U. z 2019 r. poz. 1728).<\/p>\n\n\n\n<p class=\"has-text-align-justify\"><strong>Wyniki spisu rolnego<\/strong>&nbsp;najlepiej opisuj\u0105 obraz polskiego rolnictwa i s\u0142u\u017c\u0105 w\u0142adzom lokalnym do podejmowania trafnych strategicznych decyzji opartych na analizie danych.<\/p>\n\n\n\n<p class=\"has-text-align-justify\"><strong>Spisem obj\u0119te s\u0105<\/strong>&nbsp;<strong>wszystkie gospodarstwa rolne w Polsce<\/strong>&nbsp;prowadzone przez:<\/p>\n\n\n\n<ul class=\"wp-block-list\"><li>osoby fizyczne (w gospodarstwach indywidualnych) o powierzchni minimum 1 ha, b\u0105d\u017a poni\u017cej 1 ha u\u017cytk\u00f3w rolnych, w tym nieposiadaj\u0105ce u\u017cytk\u00f3w rolnych, prowadz\u0105ce dzia\u0142y specjalne produkcji rolnej lub produkcj\u0119 roln\u0105 o skali okre\u015blonej progami, kt\u00f3rych wielko\u015b\u0107 jest okre\u015blona w za\u0142\u0105czniku nr 1 do ustawy,<\/li><li>osoby prawne,<\/li><li>jednostki organizacyjne niemaj\u0105ce osobowo\u015bci prawnej.<\/li><\/ul>\n\n\n\n<p><strong>Dane zbierane w ramach spisu&nbsp;<\/strong>b\u0119d\u0105 dotyczy\u0107 m.in.<\/p>\n\n\n\n<ul class=\"wp-block-list\"><li>cech identyfikacyjno-adresowych u\u017cytkownika i jego gospodarstwa rolnego,<\/li><li>sprzeda\u017cy i zu\u017cycia wytworzonych produkt\u00f3w rolnych,<\/li><li>struktury dochod\u00f3w,<\/li><li>aktywno\u015bci ekonomicznej,<\/li><li>sposobu u\u017cytkowania grunt\u00f3w,<\/li><li>powierzchni zasiew\u00f3w, nawo\u017cenia,<\/li><li>zastosowania \u015brodk\u00f3w ochrony ro\u015blin,<\/li><li>pog\u0142owia zwierz\u0105t gospodarskich,<\/li><li>chowu i hodowli ryb,<\/li><li>budynk\u00f3w gospodarskich,<\/li><li>maszyn i urz\u0105dze\u0144 rolniczych.<\/li><\/ul>\n\n\n\n<p class=\"has-text-align-justify\">Rolnicy b\u0119d\u0105 mogli udzieli\u0107 informacji o gospodarstwach rolnych poprzez:<\/p>\n\n\n\n<ul class=\"wp-block-list\"><li><strong>Samospis internetowy<\/strong>&nbsp;przeprowadzony za po\u015brednictwem interaktywnej aplikacji, kt\u00f3ra b\u0119dzie dost\u0119pna na stronie internetowej po\u015bwi\u0119conej spisowi;<\/li><li>odpowiedzi w wywiadzie telefonicznym przeprowadzanym przez rachmistrza telefonicznego,<\/li><li>odpowiedzi w wywiadzie bezpo\u015brednim przeprowadzanym przez rachmistrza terenowego, kt\u00f3ry odwiedzi gospodarstwo rolne.<\/li><\/ul>\n\n\n\n<p class=\"has-text-align-justify\"><strong>Rolniku, Twoje dane s\u0105 u nas bezpieczne!<\/strong><\/p>\n\n\n\n<p class=\"has-text-align-justify\">Osoby wykonuj\u0105ce prace spisowe s\u0105 obowi\u0105zane do&nbsp;<strong>przestrzegania tajemnicy statystycznej<\/strong>. Przed przyst\u0105pieniem do pracy rachmistrzowie s\u0105 pouczani o istocie tajemnicy statystycznej i sankcjach za jej niedotrzymanie. Nast\u0119pnie na r\u0119ce w\u0142a\u015bciwego komisarza spisowego sk\u0142adaj\u0105 pisemne przyrzeczenie nast\u0119puj\u0105cej tre\u015bci: \u201ePrzyrzekam, \u017ce b\u0119d\u0119 wykonywa\u0107 swoje prace na rzecz statystyki publicznej z ca\u0142\u0105 rzetelno\u015bci\u0105, zgodnie z etyk\u0105 zawodow\u0105 statystyka, a poznane w czasie ich wykonywania dane jednostkowe zachowam w tajemnicy wobec os\u00f3b trzecich.\u201d<\/p>\n\n\n\n<p class=\"has-text-align-justify\">Urz\u0105d Statystyczny w \u0141odzi, odpowiedzialny za realizacj\u0119 Powszechnego Spisu Rolnego 2020 na terenie wojew\u00f3dztwa \u0142\u00f3dzkiego, serdecznie zaprasza wszystkich do wzi\u0119cia udzia\u0142u w konkursie na Facebook-u \u201e Co wiem o PSR\u201d. Konkurs ten ma na celu promocj\u0119 Powszechnego Spisu Rolnego 2020.Uczestnikiem konkursu mo\u017ce by\u0107 u\u017cytkownik FB zamieszka\u0142y na terenie wojew\u00f3dztwa \u0142\u00f3dzkiego.<\/p>\n\n\n\n<p class=\"has-text-align-justify\"><strong>KONKURS FACEBOOK \u201eCo wiem o PSR\u201d<\/strong><br><strong>Czas trwania konkursu<\/strong>&nbsp;01.09 \u2013 30.11.2020 r.<br><strong>Cel konkursu<\/strong>&nbsp;&#8211; promowanie wiedzy na temat Powszechnego Spisu Rolnego 2020, umiej\u0119tno\u015bci korzystania z baz danych, w kt\u00f3rych prezentowanie s\u0105 wyniki spis\u00f3w powszechnych oraz innych bada\u0144 statystyki publicznej<br><strong>Do wygrania<\/strong>&nbsp;m.in. glo\u015bniki Bluethooth JBL, Dyski zewn\u0119trzne o pojemno\u015bci 1T, Myszki bezprzewodowe LogiTech, S\u0142uchawki JBL oraz wiele innych cennych nagr\u00f3d.<br>Og\u0142oszenie wynik\u00f3w konkursu nast\u0105pi pod ka\u017cdym postem konkursowym.<br><strong>Regulamin dost\u0119pny na stronie<\/strong>:&nbsp;<a href=\"https:\/\/lodz.stat.gov.pl\/rolnykonkursfacebook\">https:\/\/lodz.stat.gov.pl\/rolnykonkursfacebook<\/a><\/p>\n\n\n\n<p class=\"has-text-align-justify\">Zach\u0119camy do spisania si\u0119 przez Internet i wzi\u0119cia udzia\u0142u w konkursie dla mieszka\u0144c\u00f3w so\u0142ectw<br><a href=\"https:\/\/lodz.stat.gov.pl\/rolneupominki\">https:\/\/lodz.stat.gov.pl\/rolneupominki<\/a><br>Ka\u017cde gospodarstwo spo\u015br\u00f3d 50 pierwszych, kt\u00f3re dokona samospisu i wy\u015ble informacj\u0119 o ch\u0119ci udzia\u0142u w akcji wpisuj\u0105c w temat wiadomo\u015bci has\u0142o promocyjne SAMOSPIS-SO\u0141ECTWA, otrzyma upominek-niespodziank\u0119.<\/p>\n\n\n\n<p class=\"has-text-align-justify\">W zwi\u0105zku z utrzymuj\u0105cym si\u0119 wysokim poziomem zachorowa\u0144, spowodowanych pandemi\u0105 COVID\u201319, rachmistrze spisowi prowadzi\u0107 b\u0119d\u0105 wy\u0142\u0105cznie telefoniczne wywiady w gospodarstwach rolnych przydzielonych im do realizacji.Decyzja obowi\u0105zuje na terenie ca\u0142ego kraju od 1 pa\u017adziernika 2020 r. do odwo\u0142ania.<\/p>\n\n\n\n<p class=\"has-text-align-justify\">Przypominamy, \u017ce zgodnie z nowelizacj\u0105 ustawy powszechnym spisie rolnym w 2020 r.:<\/p>\n\n\n\n<ul class=\"wp-block-list\"><li>U\u017cytkownik gospodarstwa rolnego,&nbsp;<strong>kt\u00f3ry nie mo\u017ce dope\u0142ni\u0107 obowi\u0105zku<\/strong>&nbsp;przeprowadzenia samospisu internetowego, w szczeg\u00f3lno\u015bci ze wzgl\u0119du na stan zdrowia lub uzasadniony interes tego u\u017cytkownika, zg\u0142asza ten fakt s\u0142u\u017cbom statystyki publicznej, telefonuj\u0105c na podany do wiadomo\u015bci publicznej numer infolinii spisowej, nie p\u00f3\u017aniej ni\u017c&nbsp;<strong>do dnia 31 pa\u017adziernika 2020 r.<\/strong><\/li><li>Obowi\u0105zek przeprowadzenia samospisu internetowego,&nbsp;<strong>nie wy\u0142\u0105cza mo\u017cliwo\u015bci<\/strong>&nbsp;zebrania w ka\u017cdym czasie danych od u\u017cytkownika gospodarstwa rolnego w formie bezpo\u015bredniego wywiadu lub w formie wywiadu telefonicznego.<\/li><li>U\u017cytkownik gospodarstwa rolnego&nbsp;<strong>nie mo\u017ce odm\u00f3wi\u0107<\/strong>&nbsp;przekazania danych w ramach spisu rolnego w formie bezpo\u015bredniego wywiadu lub w formie wywiadu telefonicznego.<\/li><li>Przekazanie przez u\u017cytkownika gospodarstwa rolnego danych w formie bezpo\u015bredniego wywiadu lub w formie wywiadu telefonicznego zwalnia go z obowi\u0105zku przeprowadzenia samospisu internetowego.<\/li><\/ul>\n\n\n\n<p class=\"has-text-align-justify\">Od poniedzia\u0142ku 9 listopada br. na przeprowadzenie samospisu rolnicy maj\u0105 5 dni od momentu pierwszego skutecznego zalogowania do aplikacji. Po up\u0142ywie 5 dni, logowanie do formularza nie b\u0119dzie mo\u017cliwe. Z rolnikami, kt\u00f3rzy w tym czasie nie zako\u0144cz\u0105 uzupe\u0142niania formularza skontaktuje si\u0119 rachmistrz. Wcze\u015bniej rolnicy mieli na wype\u0142nienie samospisu 14 dni od daty pierwszego skutecznego logowania. Z uwagi na zbli\u017caj\u0105cy si\u0119 termin zako\u0144czenia spisu czas na wype\u0142nienie samospisu zosta\u0142 ograniczony do 5 dni.<br>Przypominamy jednocze\u015bnie, \u017ce Powszechny Spis Rolny trwa do 30 listopada br.<br><a href=\"https:\/\/bit.ly\/2U8fsfZ?fbclid=IwAR1NjeKmxLT-ScRSSpM1frVlmISfk4VvHgx5zstZqLHc9JrF95cibrcxsPc\" target=\"_blank\" rel=\"noreferrer noopener\">https:\/\/bit.ly\/2U8fsfZ<\/a><\/p>\n\n\n\n<p class=\"has-text-align-justify\">Wa\u017cna zmiana dla os\u00f3b, kt\u00f3re chc\u0105 si\u0119 spisa\u0107 samodzielnie w PSR. Od poniedzia\u0142ku 23 listopada br. na przeprowadzenie samospisu rolnicy maj\u0105 2 dni od momentu pierwszego skutecznego zalogowania do aplikacji. Po up\u0142ywie 2 dni, logowanie do formularza nie b\u0119dzie mo\u017cliwe. Z rolnikami, kt\u00f3rzy w tym czasie nie zako\u0144cz\u0105 uzupe\u0142niania formularza skontaktuje si\u0119 rachmistrz. Wcze\u015bniej termin ten wynosi\u0142 14, p\u00f3\u017aniej 5 dni, ale ze wzgl\u0119du na to, \u017ce spis wkr\u00f3tce dobiega ko\u0144ca,&nbsp; zosta\u0142 ograniczony do 2 dni.<\/p>\n\n\n\n<p class=\"has-text-align-justify\">&nbsp;Przypominamy jednocze\u015bnie, \u017ce Powszechny Spis Rolny trwa do 30 listopada br. Je\u015bli u\u017cytkownik gospodarstwa rolnego nie dokona samospisu skontaktuje si\u0119 z nim rachmistrz.<\/p>\n\n\n\n<figure class=\"wp-block-gallery columns-3 is-cropped wp-block-gallery-1 is-layout-flex wp-block-gallery-is-layout-flex\"><ul class=\"blocks-gallery-grid\"><li class=\"blocks-gallery-item\"><figure><a href=\"http:\/\/it3.home.pl\/gmina_chasno\/wp-content\/uploads\/2021\/05\/baner_6x3_milosz_0.jpg\"><img loading=\"lazy\" decoding=\"async\" width=\"1024\" height=\"512\" src=\"http:\/\/it3.home.pl\/gmina_chasno\/wp-content\/uploads\/2021\/05\/baner_6x3_milosz_0-1024x512.jpg\" alt=\"\" data-id=\"1327\" data-full-url=\"http:\/\/it3.home.pl\/gmina_chasno\/wp-content\/uploads\/2021\/05\/baner_6x3_milosz_0.jpg\" data-link=\"http:\/\/it3.home.pl\/gmina_chasno\/?attachment_id=1327\" class=\"wp-image-1327\" srcset=\"https:\/\/gminachasno.pl\/wp-content\/uploads\/2021\/05\/baner_6x3_milosz_0-1024x512.jpg 1024w, https:\/\/gminachasno.pl\/wp-content\/uploads\/2021\/05\/baner_6x3_milosz_0-300x150.jpg 300w, https:\/\/gminachasno.pl\/wp-content\/uploads\/2021\/05\/baner_6x3_milosz_0-768x384.jpg 768w, https:\/\/gminachasno.pl\/wp-content\/uploads\/2021\/05\/baner_6x3_milosz_0-1536x768.jpg 1536w, https:\/\/gminachasno.pl\/wp-content\/uploads\/2021\/05\/baner_6x3_milosz_0-2048x1024.jpg 2048w\" sizes=\"auto, (max-width: 1024px) 100vw, 1024px\" \/><\/a><\/figure><\/li><li class=\"blocks-gallery-item\"><figure><a href=\"http:\/\/it3.home.pl\/gmina_chasno\/wp-content\/uploads\/2021\/05\/tekst-1-z-2-_263x174_7_0.jpg\"><img loading=\"lazy\" decoding=\"async\" width=\"1024\" height=\"680\" src=\"http:\/\/it3.home.pl\/gmina_chasno\/wp-content\/uploads\/2021\/05\/tekst-1-z-2-_263x174_7_0-1024x680.jpg\" alt=\"\" data-id=\"1328\" data-full-url=\"http:\/\/it3.home.pl\/gmina_chasno\/wp-content\/uploads\/2021\/05\/tekst-1-z-2-_263x174_7_0.jpg\" data-link=\"http:\/\/it3.home.pl\/gmina_chasno\/?attachment_id=1328\" class=\"wp-image-1328\" srcset=\"https:\/\/gminachasno.pl\/wp-content\/uploads\/2021\/05\/tekst-1-z-2-_263x174_7_0-1024x680.jpg 1024w, https:\/\/gminachasno.pl\/wp-content\/uploads\/2021\/05\/tekst-1-z-2-_263x174_7_0-300x199.jpg 300w, https:\/\/gminachasno.pl\/wp-content\/uploads\/2021\/05\/tekst-1-z-2-_263x174_7_0-768x510.jpg 768w, https:\/\/gminachasno.pl\/wp-content\/uploads\/2021\/05\/tekst-1-z-2-_263x174_7_0-1536x1021.jpg 1536w, https:\/\/gminachasno.pl\/wp-content\/uploads\/2021\/05\/tekst-1-z-2-_263x174_7_0-2048x1361.jpg 2048w\" sizes=\"auto, (max-width: 1024px) 100vw, 1024px\" \/><\/a><\/figure><\/li><li class=\"blocks-gallery-item\"><figure><a href=\"http:\/\/it3.home.pl\/gmina_chasno\/wp-content\/uploads\/2021\/05\/2020_09_01_psr_fb_konkurs_ok_0-scaled.jpg\"><img loading=\"lazy\" decoding=\"async\" width=\"1024\" height=\"558\" src=\"http:\/\/it3.home.pl\/gmina_chasno\/wp-content\/uploads\/2021\/05\/2020_09_01_psr_fb_konkurs_ok_0-1024x558.jpg\" alt=\"\" data-id=\"1329\" data-full-url=\"http:\/\/it3.home.pl\/gmina_chasno\/wp-content\/uploads\/2021\/05\/2020_09_01_psr_fb_konkurs_ok_0-scaled.jpg\" data-link=\"http:\/\/it3.home.pl\/gmina_chasno\/?attachment_id=1329\" class=\"wp-image-1329\" srcset=\"https:\/\/gminachasno.pl\/wp-content\/uploads\/2021\/05\/2020_09_01_psr_fb_konkurs_ok_0-1024x558.jpg 1024w, https:\/\/gminachasno.pl\/wp-content\/uploads\/2021\/05\/2020_09_01_psr_fb_konkurs_ok_0-300x163.jpg 300w, https:\/\/gminachasno.pl\/wp-content\/uploads\/2021\/05\/2020_09_01_psr_fb_konkurs_ok_0-768x419.jpg 768w, https:\/\/gminachasno.pl\/wp-content\/uploads\/2021\/05\/2020_09_01_psr_fb_konkurs_ok_0-1536x837.jpg 1536w, https:\/\/gminachasno.pl\/wp-content\/uploads\/2021\/05\/2020_09_01_psr_fb_konkurs_ok_0-2048x1116.jpg 2048w\" sizes=\"auto, (max-width: 1024px) 100vw, 1024px\" \/><\/a><\/figure><\/li><li class=\"blocks-gallery-item\"><figure><a href=\"http:\/\/it3.home.pl\/gmina_chasno\/wp-content\/uploads\/2021\/05\/plakat-fb-konkurs_0-scaled.jpg\"><img loading=\"lazy\" decoding=\"async\" width=\"725\" height=\"1024\" src=\"http:\/\/it3.home.pl\/gmina_chasno\/wp-content\/uploads\/2021\/05\/plakat-fb-konkurs_0-725x1024.jpg\" alt=\"\" data-id=\"1330\" data-full-url=\"http:\/\/it3.home.pl\/gmina_chasno\/wp-content\/uploads\/2021\/05\/plakat-fb-konkurs_0-scaled.jpg\" data-link=\"http:\/\/it3.home.pl\/gmina_chasno\/?attachment_id=1330\" class=\"wp-image-1330\" srcset=\"https:\/\/gminachasno.pl\/wp-content\/uploads\/2021\/05\/plakat-fb-konkurs_0-725x1024.jpg 725w, https:\/\/gminachasno.pl\/wp-content\/uploads\/2021\/05\/plakat-fb-konkurs_0-212x300.jpg 212w, https:\/\/gminachasno.pl\/wp-content\/uploads\/2021\/05\/plakat-fb-konkurs_0-768x1085.jpg 768w, https:\/\/gminachasno.pl\/wp-content\/uploads\/2021\/05\/plakat-fb-konkurs_0-1087x1536.jpg 1087w, https:\/\/gminachasno.pl\/wp-content\/uploads\/2021\/05\/plakat-fb-konkurs_0-1449x2048.jpg 1449w, https:\/\/gminachasno.pl\/wp-content\/uploads\/2021\/05\/plakat-fb-konkurs_0-scaled.jpg 1811w\" sizes=\"auto, (max-width: 725px) 100vw, 725px\" \/><\/a><\/figure><\/li><li class=\"blocks-gallery-item\"><figure><a href=\"http:\/\/it3.home.pl\/gmina_chasno\/wp-content\/uploads\/2021\/05\/niespodzianka_SAMOSPIS-SOLECTWA_2.jpg\"><img loading=\"lazy\" decoding=\"async\" width=\"1024\" height=\"593\" src=\"http:\/\/it3.home.pl\/gmina_chasno\/wp-content\/uploads\/2021\/05\/niespodzianka_SAMOSPIS-SOLECTWA_2-1024x593.jpg\" alt=\"\" data-id=\"1331\" data-full-url=\"http:\/\/it3.home.pl\/gmina_chasno\/wp-content\/uploads\/2021\/05\/niespodzianka_SAMOSPIS-SOLECTWA_2.jpg\" data-link=\"http:\/\/it3.home.pl\/gmina_chasno\/?attachment_id=1331\" class=\"wp-image-1331\" srcset=\"https:\/\/gminachasno.pl\/wp-content\/uploads\/2021\/05\/niespodzianka_SAMOSPIS-SOLECTWA_2-1024x593.jpg 1024w, https:\/\/gminachasno.pl\/wp-content\/uploads\/2021\/05\/niespodzianka_SAMOSPIS-SOLECTWA_2-300x174.jpg 300w, https:\/\/gminachasno.pl\/wp-content\/uploads\/2021\/05\/niespodzianka_SAMOSPIS-SOLECTWA_2-768x445.jpg 768w, https:\/\/gminachasno.pl\/wp-content\/uploads\/2021\/05\/niespodzianka_SAMOSPIS-SOLECTWA_2-1536x890.jpg 1536w, https:\/\/gminachasno.pl\/wp-content\/uploads\/2021\/05\/niespodzianka_SAMOSPIS-SOLECTWA_2-2048x1186.jpg 2048w\" sizes=\"auto, (max-width: 1024px) 100vw, 1024px\" \/><\/a><\/figure><\/li><li class=\"blocks-gallery-item\"><figure><a href=\"http:\/\/it3.home.pl\/gmina_chasno\/wp-content\/uploads\/2021\/05\/wywiad-telefoniczny_0.jpg\"><img loading=\"lazy\" decoding=\"async\" width=\"900\" height=\"505\" src=\"http:\/\/it3.home.pl\/gmina_chasno\/wp-content\/uploads\/2021\/05\/wywiad-telefoniczny_0.jpg\" alt=\"\" data-id=\"1332\" data-full-url=\"http:\/\/it3.home.pl\/gmina_chasno\/wp-content\/uploads\/2021\/05\/wywiad-telefoniczny_0.jpg\" data-link=\"http:\/\/it3.home.pl\/gmina_chasno\/?attachment_id=1332\" class=\"wp-image-1332\" srcset=\"https:\/\/gminachasno.pl\/wp-content\/uploads\/2021\/05\/wywiad-telefoniczny_0.jpg 900w, https:\/\/gminachasno.pl\/wp-content\/uploads\/2021\/05\/wywiad-telefoniczny_0-300x168.jpg 300w, https:\/\/gminachasno.pl\/wp-content\/uploads\/2021\/05\/wywiad-telefoniczny_0-768x431.jpg 768w\" sizes=\"auto, (max-width: 900px) 100vw, 900px\" \/><\/a><\/figure><\/li><li class=\"blocks-gallery-item\"><figure><a href=\"http:\/\/it3.home.pl\/gmina_chasno\/wp-content\/uploads\/2021\/05\/fc34f61d23b74be53ee07d469bd32064_L.jpg\"><img loading=\"lazy\" decoding=\"async\" width=\"600\" height=\"364\" src=\"http:\/\/it3.home.pl\/gmina_chasno\/wp-content\/uploads\/2021\/05\/fc34f61d23b74be53ee07d469bd32064_L.jpg\" alt=\"\" data-id=\"1333\" data-full-url=\"http:\/\/it3.home.pl\/gmina_chasno\/wp-content\/uploads\/2021\/05\/fc34f61d23b74be53ee07d469bd32064_L.jpg\" data-link=\"http:\/\/it3.home.pl\/gmina_chasno\/?attachment_id=1333\" class=\"wp-image-1333\" srcset=\"https:\/\/gminachasno.pl\/wp-content\/uploads\/2021\/05\/fc34f61d23b74be53ee07d469bd32064_L.jpg 600w, https:\/\/gminachasno.pl\/wp-content\/uploads\/2021\/05\/fc34f61d23b74be53ee07d469bd32064_L-300x182.jpg 300w\" sizes=\"auto, (max-width: 600px) 100vw, 600px\" \/><\/a><\/figure><\/li><li class=\"blocks-gallery-item\"><figure><a href=\"http:\/\/it3.home.pl\/gmina_chasno\/wp-content\/uploads\/2021\/05\/1c0ae2205709722b62e843abc0471a55_L.jpg\"><img loading=\"lazy\" decoding=\"async\" width=\"600\" height=\"364\" src=\"http:\/\/it3.home.pl\/gmina_chasno\/wp-content\/uploads\/2021\/05\/1c0ae2205709722b62e843abc0471a55_L.jpg\" alt=\"\" data-id=\"1334\" data-full-url=\"http:\/\/it3.home.pl\/gmina_chasno\/wp-content\/uploads\/2021\/05\/1c0ae2205709722b62e843abc0471a55_L.jpg\" data-link=\"http:\/\/it3.home.pl\/gmina_chasno\/?attachment_id=1334\" class=\"wp-image-1334\" srcset=\"https:\/\/gminachasno.pl\/wp-content\/uploads\/2021\/05\/1c0ae2205709722b62e843abc0471a55_L.jpg 600w, https:\/\/gminachasno.pl\/wp-content\/uploads\/2021\/05\/1c0ae2205709722b62e843abc0471a55_L-300x182.jpg 300w\" sizes=\"auto, (max-width: 600px) 100vw, 600px\" \/><\/a><\/figure><\/li><\/ul><\/figure>\n","protected":false},"excerpt":{"rendered":"<p>Powszechny Spis Rolny 2020&nbsp;zostanie przeprowadzony w dniach&nbsp;od 1 wrze\u015bnia do 30 listopada 2020 r.&nbsp;na terenie ca\u0142ego kraju, wed\u0142ug stanu w dniu 1 czerwca 2020 r. Udzia\u0142 w spisie rolnym jest&nbsp;obowi\u0105zkowy, a u\u017cytkownicy gospodarstw rolnych s\u0105 zobowi\u0105zani do udzielania dok\u0142adnych, wyczerpuj\u0105cych i zgodnych z prawd\u0105 odpowiedzi. Obowi\u0105zek realizacji spisu nak\u0142ada na pa\u0144stwa cz\u0142onkowskie Unii Europejskiej rozporz\u0105dzenie &hellip;<\/p>\n<p class=\"read-more\"> <a class=\"\" href=\"https:\/\/gminachasno.pl\/index.php\/powszechny-spis-rolny-2020\/\"> <span class=\"screen-reader-text\">Powszechny Spis Rolny 2020<\/span> Read More &raquo;<\/a><\/p>\n","protected":false},"author":1,"featured_media":0,"parent":0,"menu_order":0,"comment_status":"closed","ping_status":"closed","template":"","meta":{"site-sidebar-layout":"default","site-content-layout":"default","ast-global-header-display":"","ast-main-header-display":"","ast-hfb-above-header-display":"","ast-hfb-below-header-display":"","ast-hfb-mobile-header-display":"","site-post-title":"","ast-breadcrumbs-content":"","ast-featured-img":"","footer-sml-layout":"","theme-transparent-header-meta":"default","adv-header-id-meta":"","stick-header-meta":"","header-above-stick-meta":"","header-main-stick-meta":"","header-below-stick-meta":"","footnotes":""},"class_list":["post-1326","page","type-page","status-publish","hentry"],"_links":{"self":[{"href":"https:\/\/gminachasno.pl\/index.php\/wp-json\/wp\/v2\/pages\/1326","targetHints":{"allow":["GET"]}}],"collection":[{"href":"https:\/\/gminachasno.pl\/index.php\/wp-json\/wp\/v2\/pages"}],"about":[{"href":"https:\/\/gminachasno.pl\/index.php\/wp-json\/wp\/v2\/types\/page"}],"author":[{"embeddable":true,"href":"https:\/\/gminachasno.pl\/index.php\/wp-json\/wp\/v2\/users\/1"}],"replies":[{"embeddable":true,"href":"https:\/\/gminachasno.pl\/index.php\/wp-json\/wp\/v2\/comments?post=1326"}],"version-history":[{"count":2,"href":"https:\/\/gminachasno.pl\/index.php\/wp-json\/wp\/v2\/pages\/1326\/revisions"}],"predecessor-version":[{"id":1523,"href":"https:\/\/gminachasno.pl\/index.php\/wp-json\/wp\/v2\/pages\/1326\/revisions\/1523"}],"wp:attachment":[{"href":"https:\/\/gminachasno.pl\/index.php\/wp-json\/wp\/v2\/media?parent=1326"}],"curies":[{"name":"wp","href":"https:\/\/api.w.org\/{rel}","templated":true}]}}