{"id":1263,"date":"2021-05-19T05:12:41","date_gmt":"2021-05-19T03:12:41","guid":{"rendered":"http:\/\/it3.home.pl\/gmina_chasno\/?page_id=1263"},"modified":"2024-02-13T11:40:51","modified_gmt":"2024-02-13T10:40:51","slug":"lista-jednostek-nieodplatnego-poradnictwa-dostepnych-dla-mieszkancow-powiatu-lowickiego","status":"publish","type":"page","link":"https:\/\/gminachasno.pl\/index.php\/lista-jednostek-nieodplatnego-poradnictwa-dostepnych-dla-mieszkancow-powiatu-lowickiego\/","title":{"rendered":"Nieodp\u0142atna pomoc prawna i poradnictwo obywatelskie w 2024 r."},"content":{"rendered":"\n<p><strong>INFORMACJE OG\u00d3LNE W ZAKRESIE UDZIELANIA NIEODP\u0141ATNEJ POMOCY PRAWNEJ I \u015aWIADCZENIA NIEODP\u0141ATNEGO PORADNICTWA OBYWATELSKIEGO W 2024<\/strong><\/p>\n\n\n\n<div data-wp-interactive=\"core\/file\" class=\"wp-block-file\"><object data-wp-bind--hidden=\"!state.hasPdfPreview\" hidden class=\"wp-block-file__embed\" data=\"https:\/\/gminachasno.pl\/wp-content\/uploads\/2024\/02\/Informacje-ogolne-2024.pdf\" type=\"application\/pdf\" style=\"width:100%;height:1030px\" aria-label=\"Osadzone z Informacje-ogolne-2024.\"><\/object><a id=\"wp-block-file--media-3d645a5a-f36b-4854-899e-5e3a3222b557\" href=\"https:\/\/gminachasno.pl\/wp-content\/uploads\/2024\/02\/Informacje-ogolne-2024.pdf\">Informacje-ogolne-2024<\/a><a href=\"https:\/\/gminachasno.pl\/wp-content\/uploads\/2024\/02\/Informacje-ogolne-2024.pdf\" class=\"wp-block-file__button wp-element-button\" download aria-describedby=\"wp-block-file--media-3d645a5a-f36b-4854-899e-5e3a3222b557\">Pobierz<\/a><\/div>\n\n\n\n<p><strong>PUNKTY NIEODP\u0141ATNEJ POMOCY PRAWNEJ I NIEODP\u0141ATNEGO PORADNICTWA OBYWATELSKIEGO NA TERENIE POWIATU \u0141OWICKIEGO W 2024 R.<\/strong><\/p>\n\n\n\n<div data-wp-interactive=\"core\/file\" class=\"wp-block-file\"><object data-wp-bind--hidden=\"!state.hasPdfPreview\" hidden class=\"wp-block-file__embed\" data=\"https:\/\/gminachasno.pl\/wp-content\/uploads\/2024\/02\/PUNKTY-NIEODPLATNEJ-POMOCY-PRAWNEJ-W-2024-r.pdf\" type=\"application\/pdf\" style=\"width:100%;height:1190px\" aria-label=\"Osadzone z PUNKTY-NIEODPLATNEJ-POMOCY-PRAWNEJ-W-2024-r.\"><\/object><a id=\"wp-block-file--media-2debf55e-9d2c-42d1-bcb2-ab0c0b8ff46d\" href=\"https:\/\/gminachasno.pl\/wp-content\/uploads\/2024\/02\/PUNKTY-NIEODPLATNEJ-POMOCY-PRAWNEJ-W-2024-r.pdf\">PUNKTY-NIEODPLATNEJ-POMOCY-PRAWNEJ-W-2024-r<\/a><a href=\"https:\/\/gminachasno.pl\/wp-content\/uploads\/2024\/02\/PUNKTY-NIEODPLATNEJ-POMOCY-PRAWNEJ-W-2024-r.pdf\" class=\"wp-block-file__button wp-element-button\" download aria-describedby=\"wp-block-file--media-2debf55e-9d2c-42d1-bcb2-ab0c0b8ff46d\">Pobierz<\/a><\/div>\n\n\n\n<p><strong>LISTA JEDNOSTEK NIEODP\u0141ATNEGO PORADNICTWA DOST\u0118PNYCH DLA MIESZKA\u0143C\u00d3W POWIATU \u0141OWICKIEGO<\/strong><\/p>\n\n\n\n<div data-wp-interactive=\"core\/file\" class=\"wp-block-file\"><object data-wp-bind--hidden=\"!state.hasPdfPreview\" hidden class=\"wp-block-file__embed\" data=\"https:\/\/gminachasno.pl\/wp-content\/uploads\/2024\/02\/Lista-jednostek-nieodplatnego-poradnictwa-w-2024-r.pdf\" type=\"application\/pdf\" style=\"width:100%;height:1340px\" aria-label=\"Osadzone z Lista-jednostek-nieodplatnego-poradnictwa-w-2024-r.\"><\/object><a id=\"wp-block-file--media-879050d3-d071-4769-aa73-c7e0dd300cda\" href=\"https:\/\/gminachasno.pl\/wp-content\/uploads\/2024\/02\/Lista-jednostek-nieodplatnego-poradnictwa-w-2024-r.pdf\">Lista-jednostek-nieodplatnego-poradnictwa-w-2024-r<\/a><a href=\"https:\/\/gminachasno.pl\/wp-content\/uploads\/2024\/02\/Lista-jednostek-nieodplatnego-poradnictwa-w-2024-r.pdf\" class=\"wp-block-file__button wp-element-button\" download aria-describedby=\"wp-block-file--media-879050d3-d071-4769-aa73-c7e0dd300cda\">Pobierz<\/a><\/div>\n\n\n\n<p><\/p>\n","protected":false},"excerpt":{"rendered":"<p>INFORMACJE OG\u00d3LNE W ZAKRESIE UDZIELANIA NIEODP\u0141ATNEJ POMOCY PRAWNEJ I \u015aWIADCZENIA NIEODP\u0141ATNEGO PORADNICTWA OBYWATELSKIEGO W 2024 PUNKTY NIEODP\u0141ATNEJ POMOCY PRAWNEJ I NIEODP\u0141ATNEGO PORADNICTWA OBYWATELSKIEGO NA TERENIE POWIATU \u0141OWICKIEGO W 2024 R. LISTA JEDNOSTEK NIEODP\u0141ATNEGO PORADNICTWA DOST\u0118PNYCH DLA MIESZKA\u0143C\u00d3W POWIATU \u0141OWICKIEGO<\/p>\n","protected":false},"author":1,"featured_media":0,"parent":0,"menu_order":0,"comment_status":"closed","ping_status":"closed","template":"","meta":{"site-sidebar-layout":"default","site-content-layout":"default","ast-global-header-display":"","ast-main-header-display":"","ast-hfb-above-header-display":"","ast-hfb-below-header-display":"","ast-hfb-mobile-header-display":"","site-post-title":"","ast-breadcrumbs-content":"","ast-featured-img":"","footer-sml-layout":"","theme-transparent-header-meta":"default","adv-header-id-meta":"","stick-header-meta":"","header-above-stick-meta":"","header-main-stick-meta":"","header-below-stick-meta":"","footnotes":""},"class_list":["post-1263","page","type-page","status-publish","hentry"],"_links":{"self":[{"href":"https:\/\/gminachasno.pl\/index.php\/wp-json\/wp\/v2\/pages\/1263","targetHints":{"allow":["GET"]}}],"collection":[{"href":"https:\/\/gminachasno.pl\/index.php\/wp-json\/wp\/v2\/pages"}],"about":[{"href":"https:\/\/gminachasno.pl\/index.php\/wp-json\/wp\/v2\/types\/page"}],"author":[{"embeddable":true,"href":"https:\/\/gminachasno.pl\/index.php\/wp-json\/wp\/v2\/users\/1"}],"replies":[{"embeddable":true,"href":"https:\/\/gminachasno.pl\/index.php\/wp-json\/wp\/v2\/comments?post=1263"}],"version-history":[{"count":10,"href":"https:\/\/gminachasno.pl\/index.php\/wp-json\/wp\/v2\/pages\/1263\/revisions"}],"predecessor-version":[{"id":4554,"href":"https:\/\/gminachasno.pl\/index.php\/wp-json\/wp\/v2\/pages\/1263\/revisions\/4554"}],"wp:attachment":[{"href":"https:\/\/gminachasno.pl\/index.php\/wp-json\/wp\/v2\/media?parent=1263"}],"curies":[{"name":"wp","href":"https:\/\/api.w.org\/{rel}","templated":true}]}}