{"id":1211,"date":"2021-05-19T04:49:29","date_gmt":"2021-05-19T02:49:29","guid":{"rendered":"http:\/\/it3.home.pl\/gmina_chasno\/?page_id=1211"},"modified":"2021-05-30T01:06:17","modified_gmt":"2021-05-29T23:06:17","slug":"czystsze-powietrze","status":"publish","type":"page","link":"https:\/\/gminachasno.pl\/index.php\/czystsze-powietrze\/","title":{"rendered":"Czystsze powietrze"},"content":{"rendered":"\n<figure class=\"wp-block-image size-large is-resized\"><img loading=\"lazy\" decoding=\"async\" src=\"http:\/\/it3.home.pl\/gmina_chasno\/wp-content\/uploads\/2021\/05\/pobrane-5.png\" alt=\"\" class=\"wp-image-1212\" width=\"556\" height=\"403\"\/><\/figure>\n\n\n\n<h1 class=\"wp-block-heading\"><strong>INFORMACJA DLA MIESZKA\u0143C\u00d3W<\/strong><\/h1>\n\n\n\n<p class=\"has-text-align-justify\">Odpad\u00f3w z tworzyw sztucznych&nbsp;<strong>nie nale\u017cy spala\u0107<\/strong>&nbsp;w domowych piecach czy kot\u0142owniach, poniewa\u017c w panuj\u0105cych tam warunkach rozk\u0142ad termicznych spalanie tworzyw przebiega w zbyt niskiej temperaturze (180-500\u00b0C) i przy zbyt ma\u0142ym dost\u0119pie tlenu, w wyniku czego w obecno\u015bci odpad\u00f3w organicznych powstaj\u0105 szkodliwe dla zdrowia substancje, w tym rakotw\u00f3rcze oraz zwi\u0119ksza si\u0119 emisja py\u0142\u00f3w.<\/p>\n\n\n\n<p class=\"has-text-align-justify\">Odpady tworzyw sztucznych to cenny surowiec wt\u00f3rny do recyklingu, z kt\u00f3rego mo\u017cna wytworzy\u0107 nowe produkty (opakowania, meble ogrodowe, doniczki, s\u0142upki parkingowe itp.). Poprzez spalanie odpad\u00f3w plastikowych w piecach domowych pozbawiamy si\u0119 tych warto\u015bciowych surowc\u00f3w i zanieczyszczamy \u015brodowisko, w kt\u00f3rym \u017cyjemy.<\/p>\n\n\n\n<figure class=\"wp-block-gallery columns-3 is-cropped wp-block-gallery-1 is-layout-flex wp-block-gallery-is-layout-flex\"><ul class=\"blocks-gallery-grid\"><li class=\"blocks-gallery-item\"><figure><a href=\"http:\/\/it3.home.pl\/gmina_chasno\/wp-content\/uploads\/2021\/05\/pobrane-12.png\"><img loading=\"lazy\" decoding=\"async\" width=\"349\" height=\"148\" src=\"http:\/\/it3.home.pl\/gmina_chasno\/wp-content\/uploads\/2021\/05\/pobrane-12.png\" alt=\"\" data-id=\"1213\" data-full-url=\"http:\/\/it3.home.pl\/gmina_chasno\/wp-content\/uploads\/2021\/05\/pobrane-12.png\" data-link=\"http:\/\/it3.home.pl\/gmina_chasno\/?attachment_id=1213\" class=\"wp-image-1213\" srcset=\"https:\/\/gminachasno.pl\/wp-content\/uploads\/2021\/05\/pobrane-12.png 349w, https:\/\/gminachasno.pl\/wp-content\/uploads\/2021\/05\/pobrane-12-300x127.png 300w\" sizes=\"auto, (max-width: 349px) 100vw, 349px\" \/><\/a><\/figure><\/li><li class=\"blocks-gallery-item\"><figure><a href=\"http:\/\/it3.home.pl\/gmina_chasno\/wp-content\/uploads\/2021\/05\/pobrane-11.png\"><img loading=\"lazy\" decoding=\"async\" width=\"262\" height=\"150\" src=\"http:\/\/it3.home.pl\/gmina_chasno\/wp-content\/uploads\/2021\/05\/pobrane-11.png\" alt=\"\" data-id=\"1214\" data-full-url=\"http:\/\/it3.home.pl\/gmina_chasno\/wp-content\/uploads\/2021\/05\/pobrane-11.png\" data-link=\"http:\/\/it3.home.pl\/gmina_chasno\/?attachment_id=1214\" class=\"wp-image-1214\"\/><\/a><\/figure><\/li><li class=\"blocks-gallery-item\"><figure><a href=\"http:\/\/it3.home.pl\/gmina_chasno\/wp-content\/uploads\/2021\/05\/pobrane-10.png\"><img loading=\"lazy\" decoding=\"async\" width=\"309\" height=\"135\" src=\"http:\/\/it3.home.pl\/gmina_chasno\/wp-content\/uploads\/2021\/05\/pobrane-10.png\" alt=\"\" data-id=\"1215\" data-full-url=\"http:\/\/it3.home.pl\/gmina_chasno\/wp-content\/uploads\/2021\/05\/pobrane-10.png\" data-link=\"http:\/\/it3.home.pl\/gmina_chasno\/?attachment_id=1215\" class=\"wp-image-1215\" srcset=\"https:\/\/gminachasno.pl\/wp-content\/uploads\/2021\/05\/pobrane-10.png 309w, https:\/\/gminachasno.pl\/wp-content\/uploads\/2021\/05\/pobrane-10-300x131.png 300w\" sizes=\"auto, (max-width: 309px) 100vw, 309px\" \/><\/a><\/figure><\/li><li class=\"blocks-gallery-item\"><figure><a href=\"http:\/\/it3.home.pl\/gmina_chasno\/wp-content\/uploads\/2021\/05\/pobrane-9.png\"><img loading=\"lazy\" decoding=\"async\" width=\"225\" height=\"139\" src=\"http:\/\/it3.home.pl\/gmina_chasno\/wp-content\/uploads\/2021\/05\/pobrane-9.png\" alt=\"\" data-id=\"1216\" data-full-url=\"http:\/\/it3.home.pl\/gmina_chasno\/wp-content\/uploads\/2021\/05\/pobrane-9.png\" data-link=\"http:\/\/it3.home.pl\/gmina_chasno\/?attachment_id=1216\" class=\"wp-image-1216\"\/><\/a><\/figure><\/li><li class=\"blocks-gallery-item\"><figure><a href=\"http:\/\/it3.home.pl\/gmina_chasno\/wp-content\/uploads\/2021\/05\/pobrane-8.png\"><img loading=\"lazy\" decoding=\"async\" width=\"204\" height=\"126\" src=\"http:\/\/it3.home.pl\/gmina_chasno\/wp-content\/uploads\/2021\/05\/pobrane-8.png\" alt=\"\" data-id=\"1217\" data-full-url=\"http:\/\/it3.home.pl\/gmina_chasno\/wp-content\/uploads\/2021\/05\/pobrane-8.png\" data-link=\"http:\/\/it3.home.pl\/gmina_chasno\/?attachment_id=1217\" class=\"wp-image-1217\"\/><\/a><\/figure><\/li><li class=\"blocks-gallery-item\"><figure><a href=\"http:\/\/it3.home.pl\/gmina_chasno\/wp-content\/uploads\/2021\/05\/pobrane-7.png\"><img loading=\"lazy\" decoding=\"async\" width=\"121\" height=\"141\" src=\"http:\/\/it3.home.pl\/gmina_chasno\/wp-content\/uploads\/2021\/05\/pobrane-7.png\" alt=\"\" data-id=\"1218\" data-link=\"http:\/\/it3.home.pl\/gmina_chasno\/?attachment_id=1218\" class=\"wp-image-1218\"\/><\/a><\/figure><\/li><li class=\"blocks-gallery-item\"><figure><a href=\"http:\/\/it3.home.pl\/gmina_chasno\/wp-content\/uploads\/2021\/05\/pobrane-6.png\"><img loading=\"lazy\" decoding=\"async\" width=\"687\" height=\"215\" src=\"http:\/\/it3.home.pl\/gmina_chasno\/wp-content\/uploads\/2021\/05\/pobrane-6.png\" alt=\"\" data-id=\"1219\" data-full-url=\"http:\/\/it3.home.pl\/gmina_chasno\/wp-content\/uploads\/2021\/05\/pobrane-6.png\" data-link=\"http:\/\/it3.home.pl\/gmina_chasno\/?attachment_id=1219\" class=\"wp-image-1219\" srcset=\"https:\/\/gminachasno.pl\/wp-content\/uploads\/2021\/05\/pobrane-6.png 687w, https:\/\/gminachasno.pl\/wp-content\/uploads\/2021\/05\/pobrane-6-300x94.png 300w\" sizes=\"auto, (max-width: 687px) 100vw, 687px\" \/><\/a><\/figure><\/li><\/ul><\/figure>\n\n\n\n<p><strong>Czy wiesz, \u017ce:<\/strong><\/p>\n\n\n\n<ul class=\"wp-block-list\"><li>Opublikowany w maju 2016 roku raport WHO wskazuje, \u017ce 33 z 50 miast Unii Europejskiej o najbardziej zanieczyszczonym powietrzu po\u0142o\u017cone jest na terenie naszego kraju. Niechlubne pierwsze miejsce zaj\u0105\u0142 \u017bywiec, tu\u017c za nim uplasowa\u0142a si\u0119 Pszczyna a w pierwszej dziesi\u0105tce znalaz\u0142y si\u0119 jeszcze Rybnik (4 miejsce), Wodzis\u0142aw \u015al\u0105ski (5), Opoczno (6), Sucha Beskidzka (7) i God\u00f3w (8). Mieszka\u0144cy polskich miast i gmin mog\u0105 na bie\u017c\u0105co zapozna\u0107 si\u0119 ze stanem powietrza monitorowanym w najbli\u017cszej stacji pomiarowej. Informacje te s\u0105 zamieszczone na stronie G\u0142\u00f3wnego Inspektoratu Ochrony \u015arodowiska:&nbsp;<a href=\"http:\/\/powietrze.gios.gov.pl\/pjp\/home\">http:\/\/powietrze.gios.gov.pl\/pjp\/home<\/a><\/li><\/ul>\n\n\n\n<ul class=\"wp-block-list\"><li>Z raportu GUS \u201eOchrona \u015arodowiska w Polsce 2015\u201d wynika m.in., \u017ce ze spalania w gospodarstwach domowych wytwarzane jest prawie czterokrotnie wi\u0119cej py\u0142\u00f3w ni\u017c \u0142\u0105cznie emituje sektor produkcji i transformacji energii. Do takiego stanu rzeczy przyczynia si\u0119 nie tylko palenie paliwem niskiej jako\u015bci, ale tak\u017ce spalanie odpad\u00f3w w piecach, kominkach czy na wolnym powietrzu &#8211; zjawisko to jest w Polsce niestety nadal powszechne.<\/li><\/ul>\n\n\n\n<ul class=\"wp-block-list\"><li>Wed\u0142ug \u015awiatowej Organizacji Zdrowia (WHO) d\u0142ugotrwa\u0142e nara\u017cenie na dzia\u0142anie py\u0142u zawieszonego PM 2,5 (jest to py\u0142 o \u015brednicy nie wi\u0119kszej ni\u017c 2,5 mikrometr\u00f3w, tj. 20-35 razy mniejszej ni\u017c wynosi \u015brednica ludzkiego w\u0142osa) skutkuje skr\u00f3ceniem \u015bredniej d\u0142ugo\u015bci \u017cycia, a kr\u00f3tkotrwa\u0142a ekspozycja na wysokie st\u0119\u017cenia tego py\u0142u powoduje wzrost liczby zgon\u00f3w z powodu chor\u00f3b uk\u0142adu oddechowego i kr\u0105\u017cenia oraz wzrost ryzyka nag\u0142ych przypadk\u00f3w wymagaj\u0105cych hospitalizacji (nasilenie astmy, ostra reakcja uk\u0142adu oddechowego, os\u0142abienie czynno\u015bci p\u0142uc).<\/li><\/ul>\n\n\n\n<p><strong>Pomocne linki:<\/strong><\/p>\n\n\n\n<p><a href=\"http:\/\/www.plasticeurope.pl\/\">www.plasticeurope.pl<\/a><\/p>\n\n\n\n<p><a href=\"http:\/\/misja-emisja.pl\/\">http:\/\/misja-emisja.pl\/<\/a><\/p>\n\n\n\n<p><a href=\"http:\/\/www.niskaemisja.pl\/\">http:\/\/www.niskaemisja.pl\/<\/a><\/p>\n\n\n\n<p><a href=\"http:\/\/waznamisjazdrowaemisja.pl\/niska-emisja-wysoki-poziom-zagrozenia\/\">http:\/\/waznamisjazdrowaemisja.pl\/niska-emisja-wysoki-poziom-zagrozenia\/<\/a><\/p>\n\n\n\n<figure class=\"wp-block-image size-large is-resized\"><img loading=\"lazy\" decoding=\"async\" src=\"http:\/\/it3.home.pl\/gmina_chasno\/wp-content\/uploads\/2021\/05\/pobrane-13.png\" alt=\"\" class=\"wp-image-1220\" width=\"608\" height=\"455\"\/><\/figure>\n","protected":false},"excerpt":{"rendered":"<p>INFORMACJA DLA MIESZKA\u0143C\u00d3W Odpad\u00f3w z tworzyw sztucznych&nbsp;nie nale\u017cy spala\u0107&nbsp;w domowych piecach czy kot\u0142owniach, poniewa\u017c w panuj\u0105cych tam warunkach rozk\u0142ad termicznych spalanie tworzyw przebiega w zbyt niskiej temperaturze (180-500\u00b0C) i przy zbyt ma\u0142ym dost\u0119pie tlenu, w wyniku czego w obecno\u015bci odpad\u00f3w organicznych powstaj\u0105 szkodliwe dla zdrowia substancje, w tym rakotw\u00f3rcze oraz zwi\u0119ksza si\u0119 emisja py\u0142\u00f3w. Odpady &hellip;<\/p>\n<p class=\"read-more\"> <a class=\"\" href=\"https:\/\/gminachasno.pl\/index.php\/czystsze-powietrze\/\"> <span class=\"screen-reader-text\">Czystsze powietrze<\/span> Read More &raquo;<\/a><\/p>\n","protected":false},"author":1,"featured_media":0,"parent":0,"menu_order":0,"comment_status":"closed","ping_status":"closed","template":"","meta":{"site-sidebar-layout":"default","site-content-layout":"default","ast-global-header-display":"","ast-main-header-display":"","ast-hfb-above-header-display":"","ast-hfb-below-header-display":"","ast-hfb-mobile-header-display":"","site-post-title":"","ast-breadcrumbs-content":"","ast-featured-img":"","footer-sml-layout":"","theme-transparent-header-meta":"default","adv-header-id-meta":"","stick-header-meta":"","header-above-stick-meta":"","header-main-stick-meta":"","header-below-stick-meta":"","footnotes":""},"class_list":["post-1211","page","type-page","status-publish","hentry"],"_links":{"self":[{"href":"https:\/\/gminachasno.pl\/index.php\/wp-json\/wp\/v2\/pages\/1211","targetHints":{"allow":["GET"]}}],"collection":[{"href":"https:\/\/gminachasno.pl\/index.php\/wp-json\/wp\/v2\/pages"}],"about":[{"href":"https:\/\/gminachasno.pl\/index.php\/wp-json\/wp\/v2\/types\/page"}],"author":[{"embeddable":true,"href":"https:\/\/gminachasno.pl\/index.php\/wp-json\/wp\/v2\/users\/1"}],"replies":[{"embeddable":true,"href":"https:\/\/gminachasno.pl\/index.php\/wp-json\/wp\/v2\/comments?post=1211"}],"version-history":[{"count":3,"href":"https:\/\/gminachasno.pl\/index.php\/wp-json\/wp\/v2\/pages\/1211\/revisions"}],"predecessor-version":[{"id":1494,"href":"https:\/\/gminachasno.pl\/index.php\/wp-json\/wp\/v2\/pages\/1211\/revisions\/1494"}],"wp:attachment":[{"href":"https:\/\/gminachasno.pl\/index.php\/wp-json\/wp\/v2\/media?parent=1211"}],"curies":[{"name":"wp","href":"https:\/\/api.w.org\/{rel}","templated":true}]}}