{"id":1173,"date":"2021-05-19T04:16:48","date_gmt":"2021-05-19T02:16:48","guid":{"rendered":"http:\/\/it3.home.pl\/gmina_chasno\/?page_id=1173"},"modified":"2021-05-30T01:27:59","modified_gmt":"2021-05-29T23:27:59","slug":"remont-drogi-gminnej-nr-105056e-w-miejscowosciach-golensko-i-chasno","status":"publish","type":"page","link":"https:\/\/gminachasno.pl\/index.php\/remont-drogi-gminnej-nr-105056e-w-miejscowosciach-golensko-i-chasno\/","title":{"rendered":"Remont drogi gminnej Nr 105056E w miejscowo\u015bciach Gole\u0144sko i Ch\u0105\u015bno"},"content":{"rendered":"\n<p class=\"has-text-align-justify\">Zadanie pod nazw\u0105 \u201eRemont drogi gminnej Nr 105056E w miejscowo\u015bciach Gole\u0144sko i Ch\u0105\u015bno\u201d dofinansowane jest Funduszu Dr\u00f3g Samorz\u0105dowych, w wysoko\u015bci 673.223,00 z\u0142 .<\/p>\n\n\n\n<p class=\"has-text-align-justify\">W ramach realizacji zadania planowana jest remont drogi gminnej o d\u0142ugo\u015bci 2307 mb.- poprzez po\u0142o\u017cenie nowej nak\u0142adki asfaltowej; szeroko\u015b\u0107 poboczy do 0,75 m do 1,5 m. &#8211; u\u0142o\u017cenie kruszywa \u0142amanego grub. 10 cm o szeroko\u015bci 75 cm; oczyszczenie row\u00f3w i przepust\u00f3w; u\u0142o\u017cenie chodnik\u00f3w i zjazd\u00f3w z kostki brukowej betonowej uprzednio zdemontowanej; oznakowanie pionowe.<\/p>\n","protected":false},"excerpt":{"rendered":"<p>Zadanie pod nazw\u0105 \u201eRemont drogi gminnej Nr 105056E w miejscowo\u015bciach Gole\u0144sko i Ch\u0105\u015bno\u201d dofinansowane jest Funduszu Dr\u00f3g Samorz\u0105dowych, w wysoko\u015bci 673.223,00 z\u0142 . W ramach realizacji zadania planowana jest remont drogi gminnej o d\u0142ugo\u015bci 2307 mb.- poprzez po\u0142o\u017cenie nowej nak\u0142adki asfaltowej; szeroko\u015b\u0107 poboczy do 0,75 m do 1,5 m. &#8211; u\u0142o\u017cenie kruszywa \u0142amanego grub. 10 &hellip;<\/p>\n<p class=\"read-more\"> <a class=\"\" href=\"https:\/\/gminachasno.pl\/index.php\/remont-drogi-gminnej-nr-105056e-w-miejscowosciach-golensko-i-chasno\/\"> <span class=\"screen-reader-text\">Remont drogi gminnej Nr 105056E w miejscowo\u015bciach Gole\u0144sko i Ch\u0105\u015bno<\/span> Read More &raquo;<\/a><\/p>\n","protected":false},"author":1,"featured_media":0,"parent":0,"menu_order":0,"comment_status":"closed","ping_status":"closed","template":"","meta":{"site-sidebar-layout":"default","site-content-layout":"default","ast-global-header-display":"","ast-main-header-display":"","ast-hfb-above-header-display":"","ast-hfb-below-header-display":"","ast-hfb-mobile-header-display":"","site-post-title":"","ast-breadcrumbs-content":"","ast-featured-img":"","footer-sml-layout":"","theme-transparent-header-meta":"default","adv-header-id-meta":"","stick-header-meta":"","header-above-stick-meta":"","header-main-stick-meta":"","header-below-stick-meta":"","footnotes":""},"class_list":["post-1173","page","type-page","status-publish","hentry"],"_links":{"self":[{"href":"https:\/\/gminachasno.pl\/index.php\/wp-json\/wp\/v2\/pages\/1173","targetHints":{"allow":["GET"]}}],"collection":[{"href":"https:\/\/gminachasno.pl\/index.php\/wp-json\/wp\/v2\/pages"}],"about":[{"href":"https:\/\/gminachasno.pl\/index.php\/wp-json\/wp\/v2\/types\/page"}],"author":[{"embeddable":true,"href":"https:\/\/gminachasno.pl\/index.php\/wp-json\/wp\/v2\/users\/1"}],"replies":[{"embeddable":true,"href":"https:\/\/gminachasno.pl\/index.php\/wp-json\/wp\/v2\/comments?post=1173"}],"version-history":[{"count":2,"href":"https:\/\/gminachasno.pl\/index.php\/wp-json\/wp\/v2\/pages\/1173\/revisions"}],"predecessor-version":[{"id":1531,"href":"https:\/\/gminachasno.pl\/index.php\/wp-json\/wp\/v2\/pages\/1173\/revisions\/1531"}],"wp:attachment":[{"href":"https:\/\/gminachasno.pl\/index.php\/wp-json\/wp\/v2\/media?parent=1173"}],"curies":[{"name":"wp","href":"https:\/\/api.w.org\/{rel}","templated":true}]}}